{"text_format":"1","workbook":"xlsx","n_sheets":5,"sheets":["SELECTION OPTIONS","Calculator","Revised","Dropdowns","Original"],"not_rendered":{"charts":0,"images":0,"macros":1,"external_links":0,"defined_names":2,"comments":0,"pivot_tables":0},"unopened":[],"bounds":{"document_bytes":16777216,"sheet_cells":100000,"rows_first":2000,"rows_last":500,"rows_between":2000,"halvings":0,"cell_chars":16384,"cell_head_chars":4096},"cells_cut":0,"cells_raw":0,"read":"whole","date_system":"1900"}

{"sheet":"SELECTION OPTIONS","index":0,"n_rows":15,"n_cols":4,"rows_kept":15,"cut":false,"hidden":false,"merged":[]}
[]
[]
[null,"Project ","Select Project Type: (COLUMN D in TAB \"Calculator\")","Select Project Priority: (COLUMN F in TAB \"Calculator\")"]
[null,"Renovations","General Construction","Priority"]
[null,"Extensions","General Construction","Priority"]
[null,"Major alterations of an existing school building","General Construction","Priority"]
[null,"Code Violations","General Construction","Non-Priority"]
[null,"Roof Replacements","General Construction","Non-Priority"]
[null,"New construction or replacement of a school building when a town or regional school district can demonstration that new construction or replacement is less expensive than a renovation, extension or major alteration of an existing school building","General Construction","Priority"]
[null,"HVAC","General Construction","HVAC"]
[null,"New Construction","New Construction","Priority"]
[null,"Replacement of a school building","New Construction","Priority"]
[]
[null,"CLICK TO CALCULATE REIMBURSEMENT RATE:"]
[null,"Calculator"]

{"sheet":"Calculator","index":1,"n_rows":25,"n_cols":10,"rows_kept":25,"cut":false,"hidden":false,"merged":[]}
[null,null,null,null,null,"DEPARTMENT OF ADMINISTRATIVE SERVICES (DAS)"]
[null,null,null,null,null,"OFFICE OF GRANTS ADMINISTRATION"]
[null,null,null,null,null,"SCHOOL CONSTRUCTION REIMBURSEMENT RATE CALCULATOR"]
[null,"Town, District, or Regional Educational Service Center (RESC)",null,"Project Type *                                                                                     Please see the list below from row 8.",null,"Project Priority is:",null,{"$f":"IFERROR(Dropdowns!$T$10,\"Date\")","v":"Date application was submitted (or anticipated date)"},null,"Reimbursement Rate               The Rate below does not consider bonuses; those will be calculated on a case-by-case basis."]
[null,"Woodstock Acad.",null,"General Construction",null,"HVAC",null,"2019-01-01",null,{"$f":"IFERROR(INDEX(Revised!$G$2:$S$196,MATCH($B$5,Revised!$G$2:$G$196,0),MATCH(Revised!$C$9,Revised!$G$1:$S$1,0)),\"\")","v":0.69289999999999996}]
[]
[null,"Please CLICK in the green cell and select from the dropdown list your Town, District, or Regional Educational Service Center (RESC).",null,"Please CLICK in the green cell and select from the dropdown list \"New Construction\" or \"General Construction.\" ",null,"Please CLICK in the green cell and select from the dropdown list \"Priority, \"Non-Priority,\" or \"HVAC.\"                                                                     Note: All New Projects are considered \"Priority.\" HVAC is considered \"General\" construction.",null,"Please CLICK in the green cell and add a date between 7/1/2018 and 6/30/2024."]
[null,null,null,null,null,null,null,"If checking for grant information from a year before 2019 or after 2024, please contact the State of Connecticut at DAS.GrantsAdministration@ct.gov."]
[]
[null,null,null,"Project Type *"]
[null,null,null,"General Construction"]
[null,null,null,"Reimbursement rates are between 20% and 80%."]
[null,null,null,"·        Types of projects include: "]
[null,null,null,"o   Renovations (priority)"]
[null,null,null,"o   Extensions (priority)"]
[null,null,null,"o   Major alterations of an existing school building (priority)"]
[null,null,null,"o   Code violations (nonpriority)"]
[null,null,null,"o   Roof replacements (nonpriority)"]
[null,null,null,"o   New construction or replacement of a school building when a town or regional school district can demonstrate that new construction or replacement is less expensive than a renovation, extension, or major alteration of an existing school building (priority)"]
[null,null,null,"o   HVAC "]
[null,null,null,"New Construction "]
[null,null,null,"Reimbursement rates are between 10% and 70%."]
[null,null,null,"·        Types of projects include: "]
[null,null,null,"o   New construction (priority)"]
[null,null,null,"o   Replacement of a school building (priority)"]

{"sheet":"Revised","index":2,"n_rows":196,"n_cols":35,"rows_kept":196,"cut":false,"hidden":true,"merged":[]}
[null,null,null,null,null,"District\nCode","District Name","2019 General Construction","2019 New","2020 General Construction","2020 New","2021 General Construction","2021 New","2022 General Construction","2022 New","2023 General Construction","2023 New","2024 General Construction","2024 New",null,null,"District Code","District Name","General Calc1","New Calc1",null,"Test District Code","Test District Name","Test General Calc1","Test New Calc1",null,"DisNum","DistrictName"]
["2018-07-01","2019-06-30",2019,null,null,1,"ANDOVER",0.5786,0.47860000000000003,0.5857,0.48570000000000002,0.58930000000000005,0.48930000000000001,0.58930000000000005,0.48930000000000001,0.59289999999999998,0.4929,0.60360000000000003,0.50360000000000005,null,null,1,"ANDOVER",0.60360000000000003,0.50360000000000005,null,{"$f":"IF(F2=V2,\"\",\"X\")","v":""},{"$f":"IF(G2=W2,\"\",\"X\")","v":""},{"$f":"IF(R2=X2,\"\",\"X\")","v":""},{"$f":"IF(S2=Y2,\"\",\"X\")","v":""},null,1,"ANDOVER",{"$f":"IF(F2=AF2,\"\",\"X\")","v":""},{"$f":"IF(G2=AG2,\"\",\"X\")","v":""}]
["2019-07-01","2020-06-30",2020,null,null,2,"ANSONIA",0.77139999999999997,0.6714,0.77500000000000002,0.67500000000000004,0.77500000000000002,0.67500000000000004,0.77859999999999996,0.67859999999999998,0.77859999999999996,0.67859999999999998,0.77859999999999996,0.67859999999999998,null,null,2,"ANSONIA",0.77859999999999996,0.67859999999999998,null,{"$f":"IF(F3=V3,\"\",\"X\")","v":""},"",{"$f":"IF(R3=X3,\"\",\"X\")","v":""},"",null,2,"ANSONIA",{"$f":"IF(F3=AF3,\"\",\"X\")","v":""},""]
["2020-07-01","2021-06-30",2021,null,null,3,"ASHFORD",0.63929999999999998,0.5393,0.6321,0.53210000000000002,0.63570000000000004,0.53569999999999995,0.63570000000000004,0.53569999999999995,0.65359999999999996,0.55359999999999998,0.66789999999999994,0.56789999999999996,null,null,3,"ASHFORD",0.66789999999999994,0.56789999999999996,null,"","","","",null,3,"ASHFORD","",""]
["2021-07-01","2022-06-30",2022,null,null,4,"AVON",0.2893,0.1893,0.28570000000000001,0.1857,0.27500000000000002,0.17499999999999999,0.27500000000000002,0.17499999999999999,0.27500000000000002,0.17499999999999999,0.27860000000000001,0.17860000000000001,null,null,4,"AVON",0.27860000000000001,0.17860000000000001,null,"","","","",null,4,"AVON","",""]
["2022-07-01","2023-06-30",2023,null,null,5,"BARKHAMSTED",0.51070000000000004,0.41070000000000001,0.51070000000000004,0.41070000000000001,0.52139999999999997,0.4214,0.51790000000000003,0.41789999999999999,0.50360000000000005,0.40360000000000001,0.50360000000000005,0.40359999999999996,null,null,5,"BARKHAMSTED",0.50360000000000005,0.40359999999999996,null,"","","","",null,5,"BARKHAMSTED","",""]
["2023-07-01","2024-06-30",2024,null,null,6,"BEACON FALLS",0.63570000000000004,0.53569999999999995,0.63570000000000004,0.53569999999999995,0.6321,0.53210000000000002,0.62860000000000005,0.52859999999999996,0.62860000000000005,0.52859999999999996,0.62860000000000005,0.52859999999999996,null,null,6,"BEACON FALLS",0.62860000000000005,0.52859999999999996,null,"","","","",null,6,"BEACON FALLS","",""]
[null,null,null,null,null,7,"BERLIN",0.4214,0.32140000000000002,0.45,0.35,0.44640000000000002,0.34639999999999999,0.44290000000000002,0.34289999999999998,0.4143,0.31430000000000002,0.4143,0.31430000000000002,null,null,7,"BERLIN",0.4143,0.31430000000000002,null,"","","","",null,7,"BERLIN","",""]
[{"$f":"IF(AND(Calculator!$H$5>=$A2,Calculator!$H$5<=$B2),$C2,IF(AND(Calculator!$H$5>=$A3,Calculator!$H$5<=$B3),$C3,IF(AND(Calculator!$H$5>=$A4,Calculator!$H$5<=$B4),$C4,IF(AND(Calculator!$H$5>=$A5,Calculator!$H$5<=$B5),$C5,IF(AND(Calculator!$H$5>=$A6,Calculator!$H$5<=$B6),$C6,IF(AND(Calculator!$H$5>=$A7,Calculator!$H$5<=$B7),$C7,\"Please email the State of CT\"))))))","v":2019},{"$f":"IF(Calculator!F5=\"Priority\",\"New\",IF(Calculator!F5=\"Non-Priority\",\"General Construction\",IF(Calculator!F5=\"HVAC\",\"General Construction\",\"\")))","v":"General Construction"},{"$f":"_xlfn.CONCAT(A9,\" \",B9)","v":"2019 General Construction"},null,null,8,"BETHANY",0.37859999999999999,0.27860000000000001,0.39279999999999998,0.2928,0.4,0.3,0.41070000000000001,0.31069999999999998,0.4,0.3,0.375,0.27500000000000002,null,null,8,"BETHANY",0.375,0.27500000000000002,null,"","","","",null,8,"BETHANY","",""]
[null,null,null,null,null,9,"BETHEL",0.48209999999999997,0.3821,0.48570000000000002,0.38569999999999999,0.46779999999999999,0.36780000000000002,0.46429999999999999,0.36430000000000001,0.4607,0.36070000000000002,0.47139999999999999,0.37139999999999995,null,null,9,"BETHEL",0.47139999999999999,0.37139999999999995,null,"","","","",null,9,"BETHEL","",""]
[null,null,null,null,null,10,"BETHLEHEM",0.43569999999999998,0.3357,0.44290000000000002,0.34289999999999998,0.43209999999999998,0.33210000000000001,0.4143,0.31430000000000002,0.4536,0.35360000000000003,0.45,0.35,null,null,10,"BETHLEHEM",0.45,0.35,null,"","","","",null,10,"BETHLEHEM","",""]
[null,null,null,null,null,11,"BLOOMFIELD",0.47860000000000003,0.37859999999999999,0.47499999999999998,0.375,0.47860000000000003,0.37859999999999999,0.47499999999999998,0.375,0.5,0.4,0.5071,0.40710000000000002,null,null,11,"BLOOMFIELD",0.5071,0.40710000000000002,null,"","","","",null,11,"BLOOMFIELD","",""]
[null,null,null,null,null,12,"BOLTON",0.4929,0.39290000000000003,0.48209999999999997,0.3821,0.47139999999999999,0.37140000000000001,0.47139999999999999,0.37140000000000001,0.47139999999999999,0.37140000000000001,0.48930000000000001,0.38929999999999998,null,null,12,"BOLTON",0.48930000000000001,0.38929999999999998,null,"","","","",null,12,"BOLTON","",""]
[null,null,null,null,null,13,"BOZRAH",0.56430000000000002,0.46429999999999999,0.6,0.5,0.61429999999999996,0.51429999999999998,0.62139999999999995,0.52139999999999997,0.6,0.5,0.59640000000000004,0.49639999999999995,null,null,13,"BOZRAH",0.59640000000000004,0.49639999999999995,null,"","","","",null,13,"BOZRAH","",""]
[null,null,null,null,null,14,"BRANFORD",0.36430000000000001,0.26429999999999998,0.36430000000000001,0.26429999999999998,0.36430000000000001,0.26429999999999998,0.36070000000000002,0.26069999999999999,0.34639999999999999,0.24640000000000001,0.34640000000000004,0.24640000000000001,null,null,14,"BRANFORD",0.34640000000000004,0.24640000000000001,null,"","","","",null,14,"BRANFORD","",""]
[null,null,null,null,null,15,"BRIDGEPORT",0.7893,0.68930000000000002,0.7893,0.68930000000000002,0.7893,0.68930000000000002,0.78569999999999995,0.68569999999999998,0.78569999999999995,0.68569999999999998,0.78570000000000007,0.68569999999999998,null,null,15,"BRIDGEPORT",0.78570000000000007,0.68569999999999998,null,"","","","",null,15,"BRIDGEPORT","",""]
[null,null,null,null,null,16,"BRIDGEWATER",0.24279999999999999,0.14280000000000001,0.24279999999999999,0.14280000000000001,0.23930000000000001,0.13930000000000001,0.24279999999999999,0.14280000000000001,0.23930000000000001,0.13930000000000001,0.23930000000000001,0.13930000000000001,null,null,16,"BRIDGEWATER",0.23930000000000001,0.13930000000000001,null,"","","","",null,16,"BRIDGEWATER","",""]
[null,null,null,null,null,17,"BRISTOL",0.70709999999999995,0.60709999999999997,0.7,0.6,0.68930000000000002,0.58930000000000005,0.69279999999999997,0.59279999999999999,0.69640000000000002,0.59640000000000004,0.71429999999999993,0.61429999999999996,null,null,17,"BRISTOL",0.71429999999999993,0.61429999999999996,null,"","","","",null,17,"BRISTOL","",""]
[null,null,null,null,null,18,"BROOKFIELD",0.31430000000000002,0.21429999999999999,0.31430000000000002,0.21429999999999999,0.31430000000000002,0.21429999999999999,0.3286,0.2286,0.33929999999999999,0.23930000000000001,0.33930000000000005,0.23930000000000001,null,null,18,"BROOKFIELD",0.33930000000000005,0.23930000000000001,null,"","","","",null,18,"BROOKFIELD","",""]
[null,null,null,null,null,19,"BROOKLYN",0.74639999999999995,0.64639999999999997,0.73929999999999996,0.63929999999999998,0.73929999999999996,0.63929999999999998,0.72860000000000003,0.62860000000000005,0.72499999999999998,0.625,0.70710000000000006,0.60709999999999997,null,null,19,"BROOKLYN",0.70710000000000006,0.60709999999999997,null,"","","","",null,19,"BROOKLYN","",""]
[null,null,null,null,null,20,"BURLINGTON",0.44640000000000002,0.34639999999999999,0.4572,0.35720000000000002,0.4607,0.36070000000000002,0.4536,0.35360000000000003,0.42499999999999999,0.32500000000000001,0.4214,0.32140000000000002,null,null,20,"BURLINGTON",0.4214,0.32140000000000002,null,"","","","",null,20,"BURLINGTON","",""]
[null,null,null,null,null,21,"CANAAN",0.34289999999999998,0.2429,0.34289999999999998,0.2429,0.3679,0.26790000000000003,0.34639999999999999,0.24640000000000001,0.3286,0.2286,0.31070000000000003,0.2107,null,null,21,"CANAAN",0.31070000000000003,0.2107,null,"","","","",null,21,"CANAAN","",""]
[null,null,null,null,null,22,"CANTERBURY",0.68220000000000003,0.58220000000000005,0.68220000000000003,0.58220000000000005,0.68220000000000003,0.58220000000000005,0.67500000000000004,0.57499999999999996,0.6714,0.57140000000000002,0.6714,0.57140000000000002,null,null,22,"CANTERBURY",0.6714,0.57140000000000002,null,"","","","",null,22,"CANTERBURY","",""]
[null,null,null,null,null,23,"CANTON",0.38569999999999999,0.28570000000000001,0.38569999999999999,0.28570000000000001,0.38219999999999998,0.28220000000000001,0.38219999999999998,0.28220000000000001,0.37859999999999999,0.27860000000000001,0.38570000000000004,0.28570000000000001,null,null,23,"CANTON",0.38570000000000004,0.28570000000000001,null,"","","","",null,23,"CANTON","",""]
[null,null,null,null,null,24,"CHAPLIN",0.67500000000000004,0.57499999999999996,0.66790000000000005,0.56789999999999996,0.66790000000000005,0.56789999999999996,0.66790000000000005,0.56789999999999996,0.6643,0.56430000000000002,0.64640000000000009,0.5464,null,null,24,"CHAPLIN",0.64640000000000009,0.5464,null,"","","","",null,24,"CHAPLIN","",""]
[null,null,null,null,null,25,"CHESHIRE",0.4572,0.35720000000000002,0.4536,0.35360000000000003,0.4572,0.35720000000000002,0.4572,0.35720000000000002,0.5,0.5,0.5,0.5,null,null,25,"CHESHIRE",0.5,0.5,null,"","","","",null,25,"CHESHIRE","",""]
[null,null,null,null,null,26,"CHESTER",0.39279999999999998,0.2928,0.40360000000000001,0.30359999999999998,0.4143,0.31430000000000002,0.43930000000000002,0.33929999999999999,0.4572,0.35720000000000002,0.4536,0.35360000000000003,null,null,26,"CHESTER",0.4536,0.35360000000000003,null,"","","","",null,26,"CHESTER","",""]
[null,null,null,null,null,27,"CLINTON",0.41789999999999999,0.31790000000000002,0.41789999999999999,0.31790000000000002,0.42859999999999998,0.3286,0.43569999999999998,0.3357,0.45,0.35,0.43569999999999998,0.3357,null,null,27,"CLINTON",0.43569999999999998,0.3357,null,"","","","",null,27,"CLINTON","",""]
[null,null,null,null,null,28,"COLCHESTER",0.625,0.52500000000000002,0.62139999999999995,0.52139999999999997,0.60719999999999996,0.50719999999999998,0.61070000000000002,0.51070000000000004,0.61070000000000002,0.51070000000000004,0.60719999999999996,0.50719999999999998,null,null,28,"COLCHESTER",0.60719999999999996,0.50719999999999998,null,"","","","",null,28,"COLCHESTER","",""]
[null,null,null,null,null,29,"COLEBROOK",0.38219999999999998,0.28220000000000001,0.38929999999999998,0.2893,0.41070000000000001,0.31069999999999998,0.46779999999999999,0.36780000000000002,0.47499999999999998,0.375,0.46429999999999999,0.36429999999999996,null,null,29,"COLEBROOK",0.46429999999999999,0.36429999999999996,null,"","","","",null,29,"COLEBROOK","",""]
[null,null,null,null,null,30,"COLUMBIA",0.52500000000000002,0.42499999999999999,0.52500000000000002,0.42499999999999999,0.51429999999999998,0.4143,0.5071,0.40710000000000002,0.51790000000000003,0.41789999999999999,0.52140000000000009,0.4214,null,null,30,"COLUMBIA",0.52140000000000009,0.4214,null,"","","","",null,30,"COLUMBIA","",""]
[null,null,null,null,null,31,"CORNWALL",0.23930000000000001,0.13930000000000001,0.25,0.15,0.25,0.15,0.25359999999999999,0.15359999999999999,0.25,0.15,0.24280000000000002,0.14280000000000001,null,null,31,"CORNWALL",0.24280000000000002,0.14280000000000001,null,"","","","",null,31,"CORNWALL","",""]
[null,null,null,null,null,32,"COVENTRY",0.62860000000000005,0.52859999999999996,0.60719999999999996,0.50719999999999998,0.59289999999999998,0.4929,0.59289999999999998,0.4929,0.59640000000000004,0.49640000000000001,0.58929999999999993,0.48929999999999996,null,null,32,"COVENTRY",0.58929999999999993,0.48929999999999996,null,"","","","",null,32,"COVENTRY","",""]
[null,null,null,null,null,33,"CROMWELL",0.45,0.35,0.46779999999999999,0.36780000000000002,0.49640000000000001,0.39639999999999997,0.49640000000000001,0.39639999999999997,0.47860000000000003,0.37859999999999999,0.4607,0.36070000000000002,null,null,33,"CROMWELL",0.4607,0.36070000000000002,null,"","","","",null,33,"CROMWELL","",""]
[null,null,null,null,null,34,"DANBURY",0.6321,0.53210000000000002,0.63929999999999998,0.5393,0.63929999999999998,0.5393,0.6321,0.53210000000000002,0.64290000000000003,0.6,0.64290000000000003,0.6,null,null,34,"DANBURY",0.64290000000000003,0.6,null,"","","","",null,34,"DANBURY","",""]
[null,null,null,null,null,35,"DARIEN",0.20710000000000001,0.1071,0.20710000000000001,0.1071,0.20710000000000001,0.1071,0.20710000000000001,0.1071,0.20710000000000001,0.1071,0.20710000000000001,0.1071,null,null,35,"DARIEN",0.20710000000000001,0.1071,null,"","","","",null,35,"DARIEN","",""]
[null,null,null,null,null,36,"DEEP RIVER",0.4607,0.36070000000000002,0.43930000000000002,0.33929999999999999,0.4536,0.35360000000000003,0.44640000000000002,0.34639999999999999,0.41789999999999999,0.31790000000000002,0.43930000000000002,0.33930000000000005,null,null,36,"DEEP RIVER",0.43930000000000002,0.33930000000000005,null,"","","","",null,36,"DEEP RIVER","",""]
[null,null,null,null,null,37,"DERBY",0.73929999999999996,0.63929999999999998,0.7429,0.64290000000000003,0.75,0.65,0.76070000000000004,0.66069999999999995,0.76070000000000004,0.66069999999999995,0.75,0.65,null,null,37,"DERBY",0.75,0.65,null,"","","","",null,37,"DERBY","",""]
[null,null,null,null,null,38,"DURHAM",0.42499999999999999,0.32500000000000001,0.41070000000000001,0.31069999999999998,0.39639999999999997,0.2964,0.38929999999999998,0.2893,0.38219999999999998,0.28220000000000001,0.37140000000000001,0.27139999999999997,null,null,38,"DURHAM",0.37140000000000001,0.27139999999999997,null,"","","","",null,38,"DURHAM","",""]
[null,null,null,null,null,39,"EASTFORD",0.58930000000000005,0.48930000000000001,0.58209999999999995,0.48209999999999997,0.5786,0.47860000000000003,0.5857,0.48570000000000002,0.60360000000000003,0.50360000000000005,0.58210000000000006,0.48209999999999997,null,null,39,"EASTFORD",0.58210000000000006,0.48209999999999997,null,"","","","",null,39,"EASTFORD","",""]
[null,null,null,null,null,40,"EAST GRANBY",0.40710000000000002,0.30709999999999998,0.43209999999999998,0.33210000000000001,0.44290000000000002,0.34289999999999998,0.45,0.35,0.43209999999999998,0.33210000000000001,0.44290000000000002,0.34289999999999998,null,null,40,"EAST GRANBY",0.44290000000000002,0.34289999999999998,null,"","","","",null,40,"EAST GRANBY","",""]
[null,null,null,null,null,41,"EAST HADDAM",0.48570000000000002,0.38569999999999999,0.4929,0.39290000000000003,0.4929,0.39290000000000003,0.5,0.4,0.52139999999999997,0.4214,0.52859999999999996,0.42859999999999998,null,null,41,"EAST HADDAM",0.52859999999999996,0.42859999999999998,null,"","","","",null,41,"EAST HADDAM","",""]
[null,null,null,null,null,42,"EAST HAMPTON",0.55000000000000004,0.45,0.52859999999999996,0.42859999999999998,0.51790000000000003,0.41789999999999999,0.50360000000000005,0.40360000000000001,0.53569999999999995,0.43569999999999998,0.55360000000000009,0.4536,null,null,42,"EAST HAMPTON",0.55360000000000009,0.4536,null,"","","","",null,42,"EAST HAMPTON","",""]
[null,null,null,null,null,43,"EAST HARTFORD",0.76780000000000004,0.66779999999999995,0.76780000000000004,0.66779999999999995,0.76429999999999998,0.6643,0.76429999999999998,0.6643,0.76429999999999998,0.6643,0.76429999999999998,0.6643,null,null,43,"EAST HARTFORD",0.76429999999999998,0.6643,null,"","","","",null,43,"EAST HARTFORD","",""]
[null,null,null,null,null,44,"EAST HAVEN",0.68930000000000002,0.58930000000000005,0.68930000000000002,0.58930000000000005,0.69279999999999997,0.59279999999999999,0.69640000000000002,0.59640000000000004,0.68930000000000002,0.58930000000000005,0.7,0.6,null,null,44,"EAST HAVEN",0.7,0.6,null,"","","","",null,44,"EAST HAVEN","",""]
[null,null,null,null,null,45,"EAST LYME",0.42859999999999998,0.3286,0.44640000000000002,0.34639999999999999,0.43569999999999998,0.3357,0.42499999999999999,0.32500000000000001,0.41070000000000001,0.31069999999999998,0.40710000000000002,0.30710000000000004,null,null,45,"EAST LYME",0.40710000000000002,0.30710000000000004,null,"","","","",null,45,"EAST LYME","",""]
[null,null,null,null,null,46,"EASTON",0.2571,0.15709999999999999,0.2571,0.15709999999999999,0.26069999999999999,0.16070000000000001,0.26429999999999998,0.1643,0.26429999999999998,0.1643,0.26790000000000003,0.16789999999999999,null,null,46,"EASTON",0.26790000000000003,0.16789999999999999,null,"","","","",null,46,"EASTON","",""]
[null,null,null,null,null,47,"EAST WINDSOR",0.60719999999999996,0.50719999999999998,0.625,0.52500000000000002,0.61070000000000002,0.51070000000000004,0.60719999999999996,0.50719999999999998,0.62139999999999995,0.52139999999999997,0.6321,0.53210000000000002,null,null,47,"EAST WINDSOR",0.6321,0.53210000000000002,null,"","","","",null,47,"EAST WINDSOR","",""]
[null,null,null,null,null,48,"ELLINGTON",0.57140000000000002,0.47139999999999999,0.57499999999999996,0.47499999999999998,0.56430000000000002,0.46429999999999999,0.55359999999999998,0.4536,0.55000000000000004,0.45,0.5464,0.44640000000000002,null,null,48,"ELLINGTON",0.5464,0.44640000000000002,null,"","","","",null,48,"ELLINGTON","",""]
[null,null,null,null,null,49,"ENFIELD",0.7036,0.60360000000000003,0.70709999999999995,0.60709999999999997,0.7,0.6,0.70709999999999995,0.60709999999999997,0.71789999999999998,0.6179,0.71789999999999998,0.6179,null,null,49,"ENFIELD",0.71789999999999998,0.6179,null,"","","","",null,49,"ENFIELD","",""]
[null,null,null,null,null,50,"ESSEX",0.27139999999999997,0.1714,0.27139999999999997,0.1714,0.27860000000000001,0.17860000000000001,0.27860000000000001,0.17860000000000001,0.28570000000000001,0.1857,0.28570000000000001,0.1857,null,null,50,"ESSEX",0.28570000000000001,0.1857,null,"","","","",null,50,"ESSEX","",""]
[null,null,null,null,null,51,"FAIRFIELD",0.26069999999999999,0.16070000000000001,0.26069999999999999,0.16070000000000001,0.25359999999999999,0.15359999999999999,0.2571,0.15709999999999999,0.26069999999999999,0.16070000000000001,0.26429999999999998,0.1643,null,null,51,"FAIRFIELD",0.26429999999999998,0.1643,null,"","","","",null,51,"FAIRFIELD","",""]
[null,null,null,null,null,52,"FARMINGTON",0.3,0.2,0.2964,0.19639999999999999,0.2893,0.1893,0.2964,0.19639999999999999,0.2964,0.19639999999999999,0.30000000000000004,0.2,null,null,52,"FARMINGTON",0.30000000000000004,0.2,null,"","","","",null,52,"FARMINGTON","",""]
[null,null,null,null,null,53,"FRANKLIN",0.52859999999999996,0.42859999999999998,0.51429999999999998,0.4143,0.50360000000000005,0.40360000000000001,0.48930000000000001,0.38929999999999998,0.44640000000000002,0.34639999999999999,0.41790000000000005,0.31790000000000002,null,null,53,"FRANKLIN",0.41790000000000005,0.31790000000000002,null,"","","","",null,53,"FRANKLIN","",""]
[null,null,null,null,null,54,"GLASTONBURY",0.33210000000000001,0.2321,0.3286,0.2286,0.3286,0.2286,0.32500000000000001,0.22500000000000001,0.31780000000000003,0.21779999999999999,0.32500000000000001,0.22500000000000001,null,null,54,"GLASTONBURY",0.32500000000000001,0.22500000000000001,null,"","","","",null,54,"GLASTONBURY","",""]
[null,null,null,null,null,55,"GOSHEN",0.29289999999999999,0.19289999999999999,0.29289999999999999,0.19289999999999999,0.31069999999999998,0.2107,0.31430000000000002,0.21429999999999999,0.31430000000000002,0.21429999999999999,0.30720000000000003,0.2072,null,null,55,"GOSHEN",0.30720000000000003,0.2072,null,"","","","",null,55,"GOSHEN","",""]
[null,null,null,null,null,56,"GRANBY",0.39639999999999997,0.2964,0.37859999999999999,0.27860000000000001,0.37859999999999999,0.27860000000000001,0.39639999999999997,0.2964,0.43930000000000002,0.33929999999999999,0.4572,0.35719999999999996,null,null,56,"GRANBY",0.4572,0.35719999999999996,null,"","","","",null,56,"GRANBY","",""]
[null,null,null,null,null,57,"GREENWICH",0.2,0.1,0.2,0.1,0.2,0.1,0.2,0.1,0.2,0.1,0.2,0.1,null,null,57,"GREENWICH",0.2,0.1,null,"","","","",null,57,"GREENWICH","",""]
[null,null,null,null,null,58,"GRISWOLD",0.72140000000000004,0.62139999999999995,0.72860000000000003,0.62860000000000005,0.73209999999999997,0.6321,0.73209999999999997,0.6321,0.73570000000000002,0.63570000000000004,0.73209999999999997,0.6321,null,null,58,"GRISWOLD",0.73209999999999997,0.6321,null,"","","","",null,58,"GRISWOLD","",""]
[null,null,null,null,null,59,"GROTON",0.56789999999999996,0.46789999999999998,0.57140000000000002,0.47139999999999999,0.56069999999999998,0.4607,0.56789999999999996,0.46789999999999998,0.58209999999999995,0.48209999999999997,0.59289999999999998,0.4929,null,null,59,"GROTON",0.59289999999999998,0.4929,null,"","","","",null,59,"GROTON","",""]
[null,null,null,null,null,60,"GUILFORD",0.30719999999999997,0.2072,0.3,0.2,0.30719999999999997,0.2072,0.30719999999999997,0.2072,0.29289999999999999,0.19289999999999999,0.2964,0.19640000000000002,null,null,60,"GUILFORD",0.2964,0.19640000000000002,null,"","","","",null,60,"GUILFORD","",""]
[null,null,null,null,null,61,"HADDAM",0.43209999999999998,0.33210000000000001,0.42859999999999998,0.3286,0.41789999999999999,0.31790000000000002,0.40710000000000002,0.30709999999999998,0.38929999999999998,0.2893,0.40360000000000001,0.30359999999999998,null,null,61,"HADDAM",0.40360000000000001,0.30359999999999998,null,"","","","",null,61,"HADDAM","",""]
[null,null,null,null,null,62,"HAMDEN",0.66790000000000005,0.56789999999999996,0.67859999999999998,0.5786,0.67859999999999998,0.5786,0.68220000000000003,0.58220000000000005,0.68220000000000003,0.58220000000000005,0.68930000000000002,0.58930000000000005,null,null,62,"HAMDEN",0.68930000000000002,0.58930000000000005,null,"","","","",null,62,"HAMDEN","",""]
[null,null,null,null,null,63,"HAMPTON",0.61429999999999996,0.51429999999999998,0.61070000000000002,0.51070000000000004,0.62860000000000005,0.52859999999999996,0.64639999999999997,0.5464,0.63929999999999998,0.5393,0.63569999999999993,0.53569999999999995,null,null,63,"HAMPTON",0.63569999999999993,0.53569999999999995,null,"","","","",null,63,"HAMPTON","",""]
[null,null,null,null,null,64,"HARTFORD",0.8,0.7,0.8,0.7,0.8,0.7,0.8,0.7,0.8,0.7,0.8,0.7,null,null,64,"HARTFORD",0.8,0.7,null,"","","","",null,64,"HARTFORD","",""]
[null,null,null,null,null,65,"HARTLAND",0.55359999999999998,0.4536,0.5464,0.44640000000000002,0.54279999999999995,0.44280000000000003,0.55710000000000004,0.45710000000000001,0.54279999999999995,0.44280000000000003,0.52500000000000002,0.42500000000000004,null,null,65,"HARTLAND",0.52500000000000002,0.42500000000000004,null,"","","","",null,65,"HARTLAND","",""]
[null,null,null,null,null,66,"HARWINTON",0.43930000000000002,0.33929999999999999,0.43569999999999998,0.3357,0.4214,0.32140000000000002,0.42859999999999998,0.3286,0.46779999999999999,0.36780000000000002,0.47500000000000003,0.375,null,null,66,"HARWINTON",0.47500000000000003,0.375,null,{"$f":"IF(F67=V67,\"\",\"X\")","v":""},"",{"$f":"IF(R67=X67,\"\",\"X\")","v":""},"",null,66,"HARWINTON",{"$f":"IF(F67=AF67,\"\",\"X\")","v":""},""]
[null,null,null,null,null,67,"HEBRON",0.54279999999999995,0.44280000000000003,0.53220000000000001,0.43219999999999997,0.53569999999999995,0.43569999999999998,0.5464,0.44640000000000002,0.55710000000000004,0.45710000000000001,0.55709999999999993,0.45709999999999995,null,null,67,"HEBRON",0.55709999999999993,0.45709999999999995,null,"","","","",null,67,"HEBRON","",""]
[null,null,null,null,null,68,"KENT",0.28210000000000002,0.18210000000000001,0.2893,0.1893,0.29289999999999999,0.19289999999999999,0.3,0.2,0.3,0.2,0.29289999999999999,0.19290000000000002,null,null,68,"KENT",0.29289999999999999,0.19290000000000002,null,"","","","",null,68,"KENT","",""]
[null,null,null,null,null,69,"KILLINGLY",0.73570000000000002,0.63570000000000004,0.73209999999999997,0.6321,0.72499999999999998,0.625,0.72140000000000004,0.62139999999999995,0.7,0.6,0.69280000000000008,0.59279999999999999,null,null,69,"KILLINGLY",0.69280000000000008,0.59279999999999999,null,"","","","",null,69,"KILLINGLY","",""]
[null,null,null,null,null,70,"KILLINGWORTH",0.35360000000000003,0.25359999999999999,0.34639999999999999,0.24640000000000001,0.33929999999999999,0.23930000000000001,0.34289999999999998,0.2429,0.3679,0.26790000000000003,0.39280000000000004,0.2928,null,null,70,"KILLINGWORTH",0.39280000000000004,0.2928,null,"","","","",null,70,"KILLINGWORTH","",""]
[null,null,null,null,null,71,"LEBANON",0.6,0.5,0.60360000000000003,0.50360000000000005,0.6,0.5,0.59640000000000004,0.49640000000000001,0.58930000000000005,0.48930000000000001,0.5786,0.47860000000000003,null,null,71,"LEBANON",0.5786,0.47860000000000003,null,"","","","",null,71,"LEBANON","",""]
[null,null,null,null,null,72,"LEDYARD",0.62139999999999995,0.52139999999999997,0.62860000000000005,0.52859999999999996,0.62139999999999995,0.52139999999999997,0.61429999999999996,0.51429999999999998,0.61780000000000002,0.51780000000000004,0.61780000000000002,0.51780000000000004,null,null,72,"LEDYARD",0.61780000000000002,0.51780000000000004,null,"","","","",null,72,"LEDYARD","",""]
[null,null,null,null,null,73,"LISBON",0.5857,0.48570000000000002,0.56789999999999996,0.46789999999999998,0.56789999999999996,0.46789999999999998,0.57499999999999996,0.47499999999999998,0.5786,0.47860000000000003,0.57140000000000002,0.47140000000000004,null,null,73,"LISBON",0.57140000000000002,0.47140000000000004,null,"","","","",null,73,"LISBON","",""]
[null,null,null,null,null,74,"LITCHFIELD",0.3679,0.26790000000000003,0.3679,0.26790000000000003,0.34639999999999999,0.24640000000000001,0.33929999999999999,0.23930000000000001,0.35360000000000003,0.25359999999999999,0.36430000000000001,0.26429999999999998,null,null,74,"LITCHFIELD",0.36430000000000001,0.26429999999999998,null,"","","","",null,74,"LITCHFIELD","",""]
[null,null,null,null,null,75,"LYME",0.2286,0.12859999999999999,0.23569999999999999,0.13569999999999999,0.24640000000000001,0.1464,0.24640000000000001,0.1464,0.25359999999999999,0.15359999999999999,0.25359999999999999,0.15360000000000001,null,null,75,"LYME",0.25359999999999999,0.15360000000000001,null,"","","","",null,75,"LYME","",""]
[null,null,null,null,null,76,"MADISON",0.28570000000000001,0.1857,0.28210000000000002,0.18210000000000001,0.28210000000000002,0.18210000000000001,0.28210000000000002,0.18210000000000001,0.2893,0.1893,0.2893,0.18930000000000002,null,null,76,"MADISON",0.2893,0.18930000000000002,null,"","","","",null,76,"MADISON","",""]
[null,null,null,null,null,77,"MANCHESTER",0.6643,0.56430000000000002,0.67500000000000004,0.57499999999999996,0.67500000000000004,0.57499999999999996,0.67859999999999998,0.5786,0.68569999999999998,0.5857,0.67860000000000009,0.5786,null,null,77,"MANCHESTER",0.67860000000000009,0.5786,null,"","","","",null,77,"MANCHESTER","",""]
[null,null,null,null,null,78,"MANSFIELD",0.75719999999999998,0.65720000000000001,0.75360000000000005,0.65359999999999996,0.75360000000000005,0.65359999999999996,0.75719999999999998,0.65720000000000001,0.75719999999999998,0.65720000000000001,0.76069999999999993,0.66069999999999995,null,null,78,"MANSFIELD",0.76069999999999993,0.66069999999999995,null,"","","","",null,78,"MANSFIELD","",""]
[null,null,null,null,null,79,"MARLBOROUGH",0.47139999999999999,0.37140000000000001,0.47139999999999999,0.37140000000000001,0.47499999999999998,0.375,0.48209999999999997,0.3821,0.48209999999999997,0.3821,0.47860000000000003,0.37860000000000005,null,null,79,"MARLBOROUGH",0.47860000000000003,0.37860000000000005,null,"","","","",null,79,"MARLBOROUGH","",""]
[null,null,null,null,null,80,"MERIDEN",0.75360000000000005,0.65359999999999996,0.76070000000000004,0.66069999999999995,0.75719999999999998,0.65720000000000001,0.75360000000000005,0.65359999999999996,0.75360000000000005,0.65359999999999996,0.7572000000000001,0.65720000000000001,null,null,80,"MERIDEN",0.7572000000000001,0.65720000000000001,null,"","","","",null,80,"MERIDEN","",""]
[null,null,null,null,null,81,"MIDDLEBURY",0.3357,0.23569999999999999,0.35,0.25,0.35709999999999997,0.2571,0.36430000000000001,0.26429999999999998,0.36070000000000002,0.26069999999999999,0.35709999999999997,0.2571,null,null,81,"MIDDLEBURY",0.35709999999999997,0.2571,null,"","","","",null,81,"MIDDLEBURY","",""]
[null,null,null,null,null,82,"MIDDLEFIELD",0.50360000000000005,0.40360000000000001,0.5,0.4,0.48209999999999997,0.3821,0.48570000000000002,0.38569999999999999,0.48570000000000002,0.38569999999999999,0.48210000000000003,0.3821,null,null,82,"MIDDLEFIELD",0.48210000000000003,0.3821,null,"","","","",null,82,"MIDDLEFIELD","",""]
[null,null,null,null,null,83,"MIDDLETOWN",0.66069999999999995,0.56069999999999998,0.6643,0.56430000000000002,0.6643,0.56430000000000002,0.6643,0.56430000000000002,0.65,0.55000000000000004,0.66070000000000007,0.56069999999999998,null,null,83,"MIDDLETOWN",0.66070000000000007,0.56069999999999998,null,"","","","",null,83,"MIDDLETOWN","",""]
[null,null,null,null,null,84,"MILFORD",0.4536,0.35360000000000003,0.40710000000000002,0.30709999999999998,0.37140000000000001,0.27139999999999997,0.37859999999999999,0.27860000000000001,0.39279999999999998,0.2928,0.37860000000000005,0.27860000000000001,null,null,84,"MILFORD",0.37860000000000005,0.27860000000000001,null,"","","","",null,84,"MILFORD","",""]
[null,null,null,null,null,85,"MONROE",0.36070000000000002,0.26069999999999999,0.35709999999999997,0.2571,0.35360000000000003,0.25359999999999999,0.3679,0.26790000000000003,0.36430000000000001,0.26429999999999998,0.3679,0.26790000000000003,null,null,85,"MONROE",0.3679,0.26790000000000003,null,"","","","",null,85,"MONROE","",""]
[null,null,null,null,null,86,"MONTVILLE",0.68569999999999998,0.5857,0.69279999999999997,0.59279999999999999,0.7036,0.60360000000000003,0.7036,0.60360000000000003,0.7107,0.61070000000000002,0.72500000000000009,0.625,null,null,86,"MONTVILLE",0.72500000000000009,0.625,null,"","","","",null,86,"MONTVILLE","",""]
[null,null,null,null,null,87,"MORRIS",0.34639999999999999,0.24640000000000001,0.35360000000000003,0.25359999999999999,0.35,0.25,0.35,0.25,0.3357,0.23569999999999999,0.3357,0.23569999999999999,null,null,87,"MORRIS",0.3357,0.23569999999999999,null,"","","","",null,87,"MORRIS","",""]
[null,null,null,null,null,88,"NAUGATUCK",0.7429,0.64290000000000003,0.74639999999999995,0.64639999999999997,0.7429,0.64290000000000003,0.75,0.65,0.74639999999999995,0.64639999999999997,0.74639999999999995,0.64639999999999997,null,null,88,"NAUGATUCK",0.74639999999999995,0.64639999999999997,null,"","","","",null,88,"NAUGATUCK","",""]
[null,null,null,null,null,89,"NEW BRITAIN",0.7964,0.69640000000000002,0.7964,0.69640000000000002,0.79290000000000005,0.69289999999999996,0.79290000000000005,0.69289999999999996,0.7893,0.68930000000000002,0.78930000000000011,0.68930000000000002,null,null,89,"NEW BRITAIN",0.78930000000000011,0.68930000000000002,null,"","","","",null,89,"NEW BRITAIN","",""]
[null,null,null,null,null,90,"NEW CANAAN",0.2036,0.1036,0.2036,0.1036,0.2036,0.1036,0.2036,0.1036,0.2036,0.1036,0.2036,0.10360000000000001,null,null,90,"NEW CANAAN",0.2036,0.10360000000000001,null,"","","","",null,90,"NEW CANAAN","",""]
[null,null,null,null,null,91,"NEW FAIRFIELD",0.38929999999999998,0.2893,0.38219999999999998,0.28220000000000001,0.38929999999999998,0.2893,0.38569999999999999,0.28570000000000001,0.37140000000000001,0.27139999999999997,0.35360000000000003,0.25359999999999999,null,null,91,"NEW FAIRFIELD",0.35360000000000003,0.25359999999999999,null,"","","","",null,91,"NEW FAIRFIELD","",""]
[null,null,null,null,null,92,"NEW HARTFORD",0.46429999999999999,0.36430000000000001,0.48930000000000001,0.38929999999999998,0.5071,0.40710000000000002,0.52500000000000002,0.42499999999999999,0.52500000000000002,0.42499999999999999,0.51429999999999998,0.4143,null,null,92,"NEW HARTFORD",0.51429999999999998,0.4143,null,"","","","",null,92,"NEW HARTFORD","",""]
[null,null,null,null,null,93,"NEW HAVEN",0.78210000000000002,0.68210000000000004,0.78210000000000002,0.68210000000000004,0.77859999999999996,0.67859999999999998,0.77500000000000002,0.67500000000000004,0.77500000000000002,0.67500000000000004,0.77499999999999991,0.67499999999999993,null,null,93,"NEW HAVEN",0.77499999999999991,0.67499999999999993,null,"","","","",null,93,"NEW HAVEN","",""]
[null,null,null,null,null,94,"NEWINGTON",0.58209999999999995,0.48209999999999997,0.5786,0.47860000000000003,0.5857,0.48570000000000002,0.57140000000000002,0.47139999999999999,0.57140000000000002,0.47139999999999999,0.5857,0.48570000000000002,null,null,94,"NEWINGTON",0.5857,0.48570000000000002,null,"","","","",null,94,"NEWINGTON","",""]
[null,null,null,null,null,95,"NEW LONDON",0.77859999999999996,0.67859999999999998,0.77859999999999996,0.67859999999999998,0.78210000000000002,0.68210000000000004,0.78210000000000002,0.68210000000000004,0.78210000000000002,0.68210000000000004,0.78210000000000002,0.68209999999999993,null,null,95,"NEW LONDON",0.78210000000000002,0.68209999999999993,null,"","","","",null,95,"NEW LONDON","",""]
[null,null,null,null,null,96,"NEW MILFORD",0.4143,0.31430000000000002,0.4214,0.32140000000000002,0.43930000000000002,0.33929999999999999,0.4607,0.36070000000000002,0.48930000000000001,0.38929999999999998,0.49640000000000001,0.39639999999999997,null,null,96,"NEW MILFORD",0.49640000000000001,0.39639999999999997,null,"","","","",null,96,"NEW MILFORD","",""]
[null,null,null,null,null,97,"NEWTOWN",0.35,0.25,0.36070000000000002,0.26069999999999999,0.36070000000000002,0.26069999999999999,0.35709999999999997,0.2571,0.35,0.25,0.35,0.25,null,null,97,"NEWTOWN",0.35,0.25,null,"","","","",null,97,"NEWTOWN","",""]
[null,null,null,null,null,98,"NORFOLK",0.30359999999999998,0.2036,0.30359999999999998,0.2036,0.30359999999999998,0.2036,0.30359999999999998,0.2036,0.30359999999999998,0.2036,0.30359999999999998,0.2036,null,null,98,"NORFOLK",0.30359999999999998,0.2036,null,"","","","",null,98,"NORFOLK","",""]
[null,null,null,null,null,99,"NORTH BRANFORD",0.53569999999999995,0.43569999999999998,0.5393,0.43930000000000002,0.53220000000000001,0.43219999999999997,0.51429999999999998,0.4143,0.52859999999999996,0.42859999999999998,0.53570000000000007,0.43569999999999998,null,null,99,"NORTH BRANFORD",0.53570000000000007,0.43569999999999998,null,"","","","",null,99,"NORTH BRANFORD","",""]
[null,null,null,null,null,100,"NORTH CANAAN",0.65710000000000002,0.55710000000000004,0.66069999999999995,0.56069999999999998,0.65710000000000002,0.55710000000000004,0.64290000000000003,0.54290000000000005,0.625,0.52500000000000002,0.62139999999999995,0.52139999999999997,null,null,100,"NORTH CANAAN",0.62139999999999995,0.52139999999999997,null,"","","","",null,100,"NORTH CANAAN","",""]
[null,null,null,null,null,101,"NORTH HAVEN",0.41070000000000001,0.31069999999999998,0.4143,0.31430000000000002,0.42499999999999999,0.32500000000000001,0.41789999999999999,0.31790000000000002,0.40710000000000002,0.30709999999999998,0.39639999999999997,0.2964,null,null,101,"NORTH HAVEN",0.39639999999999997,0.2964,null,"","","","",null,101,"NORTH HAVEN","",""]
[null,null,null,null,null,102,"NORTH STONINGTON",0.44290000000000002,0.34289999999999998,0.46429999999999999,0.36430000000000001,0.48570000000000002,0.38569999999999999,0.52859999999999996,0.42859999999999998,0.55359999999999998,0.4536,0.5393,0.43930000000000002,null,null,102,"NORTH STONINGTON",0.5393,0.43930000000000002,null,"","","","",null,102,"NORTH STONINGTON","",""]
[null,null,null,null,null,103,"NORWALK",0.32500000000000001,0.22500000000000001,0.32500000000000001,0.22500000000000001,0.33210000000000001,0.2321,0.33210000000000001,0.2321,0.6,0.6,0.6,0.6,null,null,103,"NORWALK",0.6,0.6,null,"","","","",null,103,"NORWALK","",""]
[null,null,null,null,null,104,"NORWICH",0.76429999999999998,0.6643,0.76429999999999998,0.6643,0.76780000000000004,0.66779999999999995,0.77139999999999997,0.6714,0.77139999999999997,0.6714,0.77140000000000009,0.6714,null,null,104,"NORWICH",0.77140000000000009,0.6714,null,"","","","",null,104,"NORWICH","",""]
[null,null,null,null,null,105,"OLD LYME",0.26429999999999998,0.1643,0.26790000000000003,0.16789999999999999,0.26790000000000003,0.16789999999999999,0.26790000000000003,0.16789999999999999,0.26790000000000003,0.16789999999999999,0.26069999999999999,0.16070000000000001,null,null,105,"OLD LYME",0.26069999999999999,0.16070000000000001,null,"","","","",null,105,"OLD LYME","",""]
[null,null,null,null,null,106,"OLD SAYBROOK",0.27860000000000001,0.17860000000000001,0.27860000000000001,0.17860000000000001,0.27139999999999997,0.1714,0.27139999999999997,0.1714,0.27139999999999997,0.1714,0.27140000000000003,0.1714,null,null,106,"OLD SAYBROOK",0.27140000000000003,0.1714,null,"","","","",null,106,"OLD SAYBROOK","",""]
[null,null,null,null,null,107,"ORANGE",0.35709999999999997,0.2571,0.33929999999999999,0.23930000000000001,0.32140000000000002,0.22140000000000001,0.31069999999999998,0.2107,0.30719999999999997,0.2072,0.31430000000000002,0.21429999999999999,null,null,107,"ORANGE",0.31430000000000002,0.21429999999999999,null,"","","","",null,107,"ORANGE","",""]
[null,null,null,null,null,108,"OXFORD",0.375,0.27500000000000002,0.37140000000000001,0.27139999999999997,0.38569999999999999,0.28570000000000001,0.40360000000000001,0.30359999999999998,0.43569999999999998,0.3357,0.42500000000000004,0.32500000000000001,null,null,108,"OXFORD",0.42500000000000004,0.32500000000000001,null,"","","","",null,108,"OXFORD","",""]
[null,null,null,null,null,109,"PLAINFIELD",0.76070000000000004,0.66069999999999995,0.75,0.65,0.74639999999999995,0.64639999999999997,0.7429,0.64290000000000003,0.73929999999999996,0.63929999999999998,0.73930000000000007,0.63929999999999998,null,null,109,"PLAINFIELD",0.73930000000000007,0.63929999999999998,null,"","","","",null,109,"PLAINFIELD","",""]
[null,null,null,null,null,110,"PLAINVILLE",0.65359999999999996,0.55359999999999998,0.65,0.55000000000000004,0.65,0.55000000000000004,0.65710000000000002,0.55710000000000004,0.66069999999999995,0.56069999999999998,0.65359999999999996,0.55359999999999998,null,null,110,"PLAINVILLE",0.65359999999999996,0.55359999999999998,null,"","","","",null,110,"PLAINVILLE","",""]
[null,null,null,null,null,111,"PLYMOUTH",0.7107,0.61070000000000002,0.7036,0.60360000000000003,0.7107,0.61070000000000002,0.71430000000000005,0.61429999999999996,0.71430000000000005,0.61429999999999996,0.69640000000000002,0.59640000000000004,null,null,111,"PLYMOUTH",0.69640000000000002,0.59640000000000004,null,"","","","",null,111,"PLYMOUTH","",""]
[null,null,null,null,null,112,"POMFRET",0.59289999999999998,0.4929,0.58930000000000005,0.48930000000000001,0.58209999999999995,0.48209999999999997,0.5786,0.47860000000000003,0.56069999999999998,0.4607,0.56069999999999998,0.4607,null,null,112,"POMFRET",0.56069999999999998,0.4607,null,"","","","",null,112,"POMFRET","",""]
[null,null,null,null,null,113,"PORTLAND",0.52139999999999997,0.4214,0.51790000000000003,0.41789999999999999,0.51070000000000004,0.41070000000000001,0.51070000000000004,0.41070000000000001,0.4929,0.39290000000000003,0.4929,0.39290000000000003,null,null,113,"PORTLAND",0.4929,0.39290000000000003,null,"","","","",null,113,"PORTLAND","",""]
[null,null,null,null,null,114,"PRESTON",0.61070000000000002,0.51070000000000004,0.61780000000000002,0.51780000000000004,0.61780000000000002,0.51780000000000004,0.61780000000000002,0.51780000000000004,0.61429999999999996,0.51429999999999998,0.61070000000000002,0.51070000000000004,null,null,114,"PRESTON",0.61070000000000002,0.51070000000000004,null,"","","","",null,114,"PRESTON","",""]
[null,null,null,null,null,115,"PROSPECT",0.53220000000000001,0.43219999999999997,0.55000000000000004,0.45,0.57140000000000002,0.47139999999999999,0.56069999999999998,0.4607,0.56430000000000002,0.46429999999999999,0.57499999999999996,0.47499999999999998,null,null,115,"PROSPECT",0.57499999999999996,0.47499999999999998,null,"","","","",null,115,"PROSPECT","",""]
[null,null,null,null,null,116,"PUTNAM",0.75,0.65,0.75719999999999998,0.65720000000000001,0.76070000000000004,0.66069999999999995,0.74639999999999995,0.64639999999999997,0.72860000000000003,0.62860000000000005,0.72140000000000004,0.62139999999999995,null,null,116,"PUTNAM",0.72140000000000004,0.62139999999999995,null,"","","","",null,116,"PUTNAM","",""]
[null,null,null,null,null,117,"REDDING",0.25359999999999999,0.15359999999999999,0.25359999999999999,0.15359999999999999,0.2571,0.15709999999999999,0.26069999999999999,0.16070000000000001,0.2571,0.15709999999999999,0.2571,0.15710000000000002,null,null,117,"REDDING",0.2571,0.15710000000000002,null,"","","","",null,117,"REDDING","",""]
[null,null,null,null,null,118,"RIDGEFIELD",0.23219999999999999,0.13220000000000001,0.23219999999999999,0.13220000000000001,0.23219999999999999,0.13220000000000001,0.23219999999999999,0.13220000000000001,0.23569999999999999,0.13569999999999999,0.23570000000000002,0.13570000000000002,null,null,118,"RIDGEFIELD",0.23570000000000002,0.13570000000000002,null,"","","","",null,118,"RIDGEFIELD","",""]
[null,null,null,null,null,119,"ROCKY HILL",0.49640000000000001,0.39639999999999997,0.4607,0.36070000000000002,0.45,0.35,0.4214,0.32140000000000002,0.42859999999999998,0.3286,0.44640000000000002,0.34640000000000004,null,null,119,"ROCKY HILL",0.44640000000000002,0.34640000000000004,null,"","","","",null,119,"ROCKY HILL","",""]
[null,null,null,null,null,120,"ROXBURY",0.21790000000000001,0.1179,0.21790000000000001,0.1179,0.22140000000000001,0.12139999999999999,0.22140000000000001,0.12139999999999999,0.21429999999999999,0.1143,0.21430000000000002,0.11430000000000001,null,null,120,"ROXBURY",0.21430000000000002,0.11430000000000001,null,"","","","",null,120,"ROXBURY","",""]
[null,null,null,null,null,121,"SALEM",0.48930000000000001,0.38929999999999998,0.5071,0.40710000000000002,0.52500000000000002,0.42499999999999999,0.53569999999999995,0.43569999999999998,0.5071,0.40710000000000002,0.48570000000000002,0.38570000000000004,null,null,121,"SALEM",0.48570000000000002,0.38570000000000004,null,"","","","",null,121,"SALEM","",""]
[null,null,null,null,null,122,"SALISBURY",0.23569999999999999,0.13569999999999999,0.2286,0.12859999999999999,0.2286,0.12859999999999999,0.2286,0.12859999999999999,0.2286,0.12859999999999999,0.22500000000000001,0.125,null,null,122,"SALISBURY",0.22500000000000001,0.125,null,"","","","",null,122,"SALISBURY","",""]
[null,null,null,null,null,123,"SCOTLAND",0.69640000000000002,0.59640000000000004,0.69640000000000002,0.59640000000000004,0.69640000000000002,0.59640000000000004,0.7,0.6,0.70709999999999995,0.60709999999999997,0.68569999999999998,0.5857,null,null,123,"SCOTLAND",0.68569999999999998,0.5857,null,"","","","",null,123,"SCOTLAND","",""]
[null,null,null,null,null,124,"SEYMOUR",0.64290000000000003,0.54290000000000005,0.64290000000000003,0.54290000000000005,0.66069999999999995,0.56069999999999998,0.66069999999999995,0.56069999999999998,0.65710000000000002,0.55710000000000004,0.6643,0.56430000000000002,null,null,124,"SEYMOUR",0.6643,0.56430000000000002,null,"","","","",null,124,"SEYMOUR","",""]
[null,null,null,null,null,125,"SHARON",0.25,0.15,0.24640000000000001,0.1464,0.23569999999999999,0.13569999999999999,0.23569999999999999,0.13569999999999999,0.23219999999999999,0.13220000000000001,0.23220000000000002,0.13220000000000001,null,null,125,"SHARON",0.23220000000000002,0.13220000000000001,null,"","","","",null,125,"SHARON","",""]
[null,null,null,null,null,126,"SHELTON",0.4,0.3,0.39639999999999997,0.2964,0.40360000000000001,0.30359999999999998,0.4,0.3,0.40360000000000001,0.30359999999999998,0.4,0.30000000000000004,null,null,126,"SHELTON",0.4,0.30000000000000004,null,"","","","",null,126,"SHELTON","",""]
[null,null,null,null,null,127,"SHERMAN",0.26790000000000003,0.16789999999999999,0.26429999999999998,0.1643,0.26429999999999998,0.1643,0.25,0.15,0.24640000000000001,0.1464,0.25,0.15000000000000002,null,null,127,"SHERMAN",0.25,0.15000000000000002,null,"","","","",null,127,"SHERMAN","",""]
[null,null,null,null,null,128,"SIMSBURY",0.3286,0.2286,0.33210000000000001,0.2321,0.3357,0.23569999999999999,0.35360000000000003,0.25359999999999999,0.35709999999999997,0.2571,0.36070000000000002,0.26070000000000004,null,null,128,"SIMSBURY",0.36070000000000002,0.26070000000000004,null,"","","","",null,128,"SIMSBURY","",""]
[null,null,null,null,null,129,"SOMERS",0.64639999999999997,0.5464,0.65359999999999996,0.55359999999999998,0.64290000000000003,0.54290000000000005,0.65,0.55000000000000004,0.63570000000000004,0.53569999999999995,0.625,0.52500000000000002,null,null,129,"SOMERS",0.625,0.52500000000000002,null,"","","","",null,129,"SOMERS","",""]
[null,null,null,null,null,130,"SOUTHBURY",0.40360000000000001,0.30359999999999998,0.4,0.3,0.40710000000000002,0.30709999999999998,0.39279999999999998,0.2928,0.39639999999999997,0.2964,0.41070000000000001,0.31069999999999998,null,null,130,"SOUTHBURY",0.41070000000000001,0.31069999999999998,null,{"$f":"IF(F131=V131,\"\",\"X\")","v":""},"",{"$f":"IF(R131=X131,\"\",\"X\")","v":""},"",null,130,"SOUTHBURY",{"$f":"IF(F131=AF131,\"\",\"X\")","v":""},""]
[null,null,null,null,null,131,"SOUTHINGTON",0.5464,0.44640000000000002,0.55359999999999998,0.4536,0.55359999999999998,0.4536,0.55000000000000004,0.45,0.5393,0.43930000000000002,0.55000000000000004,0.44999999999999996,null,null,131,"SOUTHINGTON",0.55000000000000004,0.44999999999999996,null,"","","","",null,131,"SOUTHINGTON","",""]
[null,null,null,null,null,132,"SOUTH WINDSOR",0.47499999999999998,0.375,0.47860000000000003,0.37859999999999999,0.46429999999999999,0.36430000000000001,0.43209999999999998,0.33210000000000001,0.4214,0.32140000000000002,0.43210000000000004,0.33210000000000001,null,null,132,"SOUTH WINDSOR",0.43210000000000004,0.33210000000000001,null,"","","","",null,132,"SOUTH WINDSOR","",""]
[null,null,null,null,null,133,"SPRAGUE",0.7,0.6,0.7107,0.61070000000000002,0.72140000000000004,0.62139999999999995,0.72499999999999998,0.625,0.73209999999999997,0.6321,0.73570000000000002,0.63569999999999993,null,null,133,"SPRAGUE",0.73570000000000002,0.63569999999999993,null,"","","","",null,133,"SPRAGUE","",""]
[null,null,null,null,null,134,"STAFFORD",0.71430000000000005,0.61429999999999996,0.72140000000000004,0.62139999999999995,0.71789999999999998,0.6179,0.7107,0.61070000000000002,0.69279999999999997,0.59279999999999999,0.7036,0.60360000000000003,null,null,134,"STAFFORD",0.7036,0.60360000000000003,null,"","","","",null,134,"STAFFORD","",""]
[null,null,null,null,null,135,"STAMFORD",0.2964,0.19639999999999999,0.30719999999999997,0.2072,0.3,0.2,0.29289999999999999,0.19289999999999999,0.6,0.6,0.6,0.6,null,null,135,"STAMFORD",0.6,0.6,null,"","","","",null,135,"STAMFORD","",""]
[null,null,null,null,null,136,"STERLING",0.72860000000000003,0.62860000000000005,0.73570000000000002,0.63570000000000004,0.73570000000000002,0.63570000000000004,0.73929999999999996,0.63929999999999998,0.7429,0.64290000000000003,0.74290000000000012,0.64290000000000003,null,null,136,"STERLING",0.74290000000000012,0.64290000000000003,null,"","","","",null,136,"STERLING","",""]
[null,null,null,null,null,137,"STONINGTON",0.31780000000000003,0.21779999999999999,0.31780000000000003,0.21779999999999999,0.32500000000000001,0.22500000000000001,0.32140000000000002,0.22140000000000001,0.32140000000000002,0.22140000000000001,0.31780000000000003,0.21779999999999999,null,null,137,"STONINGTON",0.31780000000000003,0.21779999999999999,null,"","","","",null,137,"STONINGTON","",""]
[null,null,null,null,null,138,"STRATFORD",0.59640000000000004,0.49640000000000001,0.59289999999999998,0.4929,0.59640000000000004,0.49640000000000001,0.6,0.5,0.60719999999999996,0.50719999999999998,0.61430000000000007,0.51429999999999998,null,null,138,"STRATFORD",0.61430000000000007,0.51429999999999998,null,"","","","",null,138,"STRATFORD","",""]
[null,null,null,null,null,139,"SUFFIELD",0.51790000000000003,0.41789999999999999,0.53569999999999995,0.43569999999999998,0.55000000000000004,0.45,0.5393,0.43930000000000002,0.51429999999999998,0.4143,0.51069999999999993,0.41069999999999995,null,null,139,"SUFFIELD",0.51069999999999993,0.41069999999999995,null,"","","","",null,139,"SUFFIELD","",""]
[null,null,null,null,null,140,"THOMASTON",0.67859999999999998,0.5786,0.6714,0.57140000000000002,0.6714,0.57140000000000002,0.6714,0.57140000000000002,0.67859999999999998,0.5786,0.68220000000000003,0.58220000000000005,null,null,140,"THOMASTON",0.68220000000000003,0.58220000000000005,null,"","","","",null,140,"THOMASTON","",""]
[null,null,null,null,null,141,"THOMPSON",0.72499999999999998,0.625,0.71430000000000005,0.61429999999999996,0.70709999999999995,0.60709999999999997,0.68930000000000002,0.58930000000000005,0.67500000000000004,0.57499999999999996,0.67500000000000004,0.57499999999999996,null,null,141,"THOMPSON",0.67500000000000004,0.57499999999999996,null,"","","","",null,141,"THOMPSON","",""]
[null,null,null,null,null,142,"TOLLAND",0.5071,0.40710000000000002,0.50360000000000005,0.40360000000000001,0.48930000000000001,0.38929999999999998,0.4929,0.39290000000000003,0.49640000000000001,0.39639999999999997,0.5,0.4,null,null,142,"TOLLAND",0.5,0.4,null,"","","","",null,142,"TOLLAND","",""]
[null,null,null,null,null,143,"TORRINGTON",0.73209999999999997,0.6321,0.72499999999999998,0.625,0.72860000000000003,0.62860000000000005,0.73570000000000002,0.63570000000000004,0.75,0.65,0.75360000000000005,0.65359999999999996,null,null,143,"TORRINGTON",0.75360000000000005,0.65359999999999996,null,"","","","",null,143,"TORRINGTON","",""]
[null,null,null,null,null,144,"TRUMBULL",0.33929999999999999,0.23930000000000001,0.3357,0.23569999999999999,0.34289999999999998,0.2429,0.3357,0.23569999999999999,0.34289999999999998,0.2429,0.34289999999999998,0.2429,null,null,144,"TRUMBULL",0.34289999999999998,0.2429,null,"","","","",null,144,"TRUMBULL","",""]
[null,null,null,null,null,145,"UNION",0.46779999999999999,0.36780000000000002,0.49640000000000001,0.39639999999999997,0.5,0.4,0.47860000000000003,0.37859999999999999,0.44290000000000002,0.34289999999999998,0.42859999999999998,0.3286,null,null,145,"UNION",0.42859999999999998,0.3286,null,"","","","",null,145,"UNION","",""]
[null,null,null,null,null,146,"VERNON",0.69279999999999997,0.59279999999999999,0.68569999999999998,0.5857,0.68569999999999998,0.5857,0.68569999999999998,0.5857,0.7036,0.60360000000000003,0.71070000000000011,0.61070000000000002,null,null,146,"VERNON",0.71070000000000011,0.61070000000000002,null,"","","","",null,146,"VERNON","",""]
[null,null,null,null,null,147,"VOLUNTOWN",0.65,0.55000000000000004,0.64639999999999997,0.5464,0.64639999999999997,0.5464,0.65359999999999996,0.55359999999999998,0.66790000000000005,0.56789999999999996,0.65,0.55000000000000004,null,null,147,"VOLUNTOWN",0.65,0.55000000000000004,null,"","","","",null,147,"VOLUNTOWN","",""]
[null,null,null,null,null,148,"WALLINGFORD",0.5393,0.43930000000000002,0.54279999999999995,0.44280000000000003,0.5393,0.43930000000000002,0.53220000000000001,0.43219999999999997,0.53220000000000001,0.43219999999999997,0.54279999999999995,0.44279999999999997,null,null,148,"WALLINGFORD",0.54279999999999995,0.44279999999999997,null,"","","","",null,148,"WALLINGFORD","",""]
[null,null,null,null,null,149,"WARREN",0.24640000000000001,0.1464,0.23930000000000001,0.13930000000000001,0.24279999999999999,0.14280000000000001,0.23930000000000001,0.13930000000000001,0.24279999999999999,0.14280000000000001,0.24640000000000001,0.1464,null,null,149,"WARREN",0.24640000000000001,0.1464,null,"","","","",null,149,"WARREN","",""]
[null,null,null,null,null,150,"WASHINGTON",0.22500000000000001,0.125,0.22500000000000001,0.125,0.22500000000000001,0.125,0.21790000000000001,0.1179,0.21790000000000001,0.1179,0.21790000000000001,0.1179,null,null,150,"WASHINGTON",0.21790000000000001,0.1179,null,"","","","",null,150,"WASHINGTON","",""]
[null,null,null,null,null,151,"WATERBURY",0.78569999999999995,0.68569999999999998,0.78569999999999995,0.68569999999999998,0.78569999999999995,0.68569999999999998,0.7893,0.68930000000000002,0.79290000000000005,0.69289999999999996,0.79289999999999994,0.69289999999999996,null,null,151,"WATERBURY",0.79289999999999994,0.69289999999999996,null,"","","","",null,151,"WATERBURY","",""]
[null,null,null,null,null,152,"WATERFORD",0.32140000000000002,0.22140000000000001,0.32140000000000002,0.22140000000000001,0.31780000000000003,0.21779999999999999,0.31780000000000003,0.21779999999999999,0.32500000000000001,0.22500000000000001,0.3286,0.2286,null,null,152,"WATERFORD",0.3286,0.2286,null,"","","","",null,152,"WATERFORD","",""]
[null,null,null,null,null,153,"WATERTOWN",0.60360000000000003,0.50360000000000005,0.59640000000000004,0.49640000000000001,0.60360000000000003,0.50360000000000005,0.60360000000000003,0.50360000000000005,0.5857,0.48570000000000002,0.60000000000000009,0.5,null,null,153,"WATERTOWN",0.60000000000000009,0.5,null,"","","","",null,153,"WATERTOWN","",""]
[null,null,null,null,null,154,"WESTBROOK",0.31069999999999998,0.2107,0.31069999999999998,0.2107,0.2964,0.19639999999999999,0.2893,0.1893,0.27860000000000001,0.17860000000000001,0.27500000000000002,0.17499999999999999,null,null,154,"WESTBROOK",0.27500000000000002,0.17499999999999999,null,"","","","",null,154,"WESTBROOK","",""]
[null,null,null,null,null,155,"WEST HARTFORD",0.5,0.4,0.42499999999999999,0.32500000000000001,0.39279999999999998,0.2928,0.375,0.27500000000000002,0.38569999999999999,0.28570000000000001,0.38219999999999998,0.28220000000000001,null,null,155,"WEST HARTFORD",0.38219999999999998,0.28220000000000001,null,"","","","",null,155,"WEST HARTFORD","",""]
[null,null,null,null,null,156,"WEST HAVEN",0.77500000000000002,0.67500000000000004,0.77139999999999997,0.6714,0.77139999999999997,0.6714,0.76780000000000004,0.66779999999999995,0.76780000000000004,0.66779999999999995,0.76780000000000004,0.66779999999999995,null,null,156,"WEST HAVEN",0.76780000000000004,0.66779999999999995,null,"","","","",null,156,"WEST HAVEN","",""]
[null,null,null,null,null,157,"WESTON",0.21429999999999999,0.1143,0.21429999999999999,0.1143,0.21429999999999999,0.1143,0.21429999999999999,0.1143,0.22140000000000001,0.12139999999999999,0.22140000000000001,0.12140000000000001,null,null,157,"WESTON",0.22140000000000001,0.12140000000000001,null,"","","","",null,157,"WESTON","",""]
[null,null,null,null,null,158,"WESTPORT",0.2107,0.11070000000000001,0.2107,0.11070000000000001,0.2107,0.11070000000000001,0.2107,0.11070000000000001,0.2107,0.11070000000000001,0.2107,0.11070000000000001,null,null,158,"WESTPORT",0.2107,0.11070000000000001,null,"","","","",null,158,"WESTPORT","",""]
[null,null,null,null,null,159,"WETHERSFIELD",0.56069999999999998,0.4607,0.55710000000000004,0.45710000000000001,0.55710000000000004,0.45710000000000001,0.56430000000000002,0.46429999999999999,0.56789999999999996,0.46789999999999998,0.56790000000000007,0.46789999999999998,null,null,159,"WETHERSFIELD",0.56790000000000007,0.46789999999999998,null,"","","","",null,159,"WETHERSFIELD","",""]
[null,null,null,null,null,160,"WILLINGTON",0.6714,0.57140000000000002,0.65710000000000002,0.55710000000000004,0.65359999999999996,0.55359999999999998,0.63929999999999998,0.5393,0.6321,0.53210000000000002,0.63929999999999998,0.5393,null,null,160,"WILLINGTON",0.63929999999999998,0.5393,null,"","","","",null,160,"WILLINGTON","",""]
[null,null,null,null,null,161,"WILTON",0.22140000000000001,0.12139999999999999,0.22140000000000001,0.12139999999999999,0.21790000000000001,0.1179,0.22500000000000001,0.125,0.22500000000000001,0.125,0.22860000000000003,0.12859999999999999,null,null,161,"WILTON",0.22860000000000003,0.12859999999999999,null,"","","","",null,161,"WILTON","",""]
[null,null,null,null,null,162,"WINCHESTER",0.71789999999999998,0.6179,0.71789999999999998,0.6179,0.71430000000000005,0.61429999999999996,0.71789999999999998,0.6179,0.72140000000000004,0.62139999999999995,0.72859999999999991,0.62859999999999994,null,null,162,"WINCHESTER",0.72859999999999991,0.62859999999999994,null,"","","","",null,162,"WINCHESTER","",""]
[null,null,null,null,null,163,"WINDHAM",0.79290000000000005,0.69289999999999996,0.79290000000000005,0.69289999999999996,0.7964,0.69640000000000002,0.7964,0.69640000000000002,0.7964,0.69640000000000002,0.7964,0.69640000000000002,null,null,163,"WINDHAM",0.7964,0.69640000000000002,null,"","","","",null,163,"WINDHAM","",""]
[null,null,null,null,null,164,"WINDSOR",0.51429999999999998,0.4143,0.52139999999999997,0.4214,0.52859999999999996,0.42859999999999998,0.52139999999999997,0.4214,0.51070000000000004,0.41070000000000001,0.51790000000000003,0.41790000000000005,null,null,164,"WINDSOR",0.51790000000000003,0.41790000000000005,null,"","","","",null,164,"WINDSOR","",""]
[null,null,null,null,null,165,"WINDSOR LOCKS",0.57499999999999996,0.47499999999999998,0.56430000000000002,0.46429999999999999,0.5464,0.44640000000000002,0.54279999999999995,0.44280000000000003,0.5464,0.44640000000000002,0.53220000000000001,0.43220000000000003,null,null,165,"WINDSOR LOCKS",0.53220000000000001,0.43220000000000003,null,"","","","",null,165,"WINDSOR LOCKS","",""]
[null,null,null,null,null,166,"WOLCOTT",0.61780000000000002,0.51780000000000004,0.61429999999999996,0.51429999999999998,0.625,0.52500000000000002,0.625,0.52500000000000002,0.64639999999999997,0.5464,0.65710000000000002,0.55710000000000004,null,null,166,"WOLCOTT",0.65710000000000002,0.55710000000000004,null,"","","","",null,166,"WOLCOTT","",""]
[null,null,null,null,null,167,"WOODBRIDGE",0.27500000000000002,0.17499999999999999,0.27500000000000002,0.17499999999999999,0.28570000000000001,0.1857,0.28570000000000001,0.1857,0.31069999999999998,0.2107,0.32140000000000002,0.22139999999999999,null,null,167,"WOODBRIDGE",0.32140000000000002,0.22139999999999999,null,"","","","",null,167,"WOODBRIDGE","",""]
[null,null,null,null,null,168,"WOODBURY",0.37140000000000001,0.27139999999999997,0.375,0.27500000000000002,0.375,0.27500000000000002,0.37140000000000001,0.27139999999999997,0.375,0.27500000000000002,0.38929999999999998,0.2893,null,null,168,"WOODBURY",0.38929999999999998,0.2893,null,"","","","",null,168,"WOODBURY","",""]
[null,null,null,null,null,169,"WOODSTOCK",0.55710000000000004,0.45710000000000001,0.56069999999999998,0.4607,0.57499999999999996,0.47499999999999998,0.58209999999999995,0.48209999999999997,0.57499999999999996,0.47499999999999998,0.56430000000000002,0.46430000000000005,null,null,169,"WOODSTOCK",0.56430000000000002,0.46430000000000005,null,"","","","",null,169,"WOODSTOCK","",""]
[null,null,null,null,null,201,"District No. 1",0.44640000000000002,0.34639999999999999,0.45,0.35,0.44640000000000002,0.34639999999999999,0.44640000000000002,0.34639999999999999,0.44290000000000002,0.34289999999999998,0.43569999999999998,0.3357,null,null,201,"District No. 1",0.43569999999999998,0.3357,null,"","","","",null,201,"District No. 1","",""]
[null,null,null,null,null,204,"District No. 4",0.46429999999999999,0.36430000000000001,0.4607,0.36070000000000002,0.47139999999999999,0.37140000000000001,0.47499999999999998,0.375,0.47499999999999998,0.375,0.47860000000000003,0.37860000000000005,null,null,204,"District No. 4",0.47860000000000003,0.37860000000000005,null,"","","","",null,204,"District No. 4","",""]
[null,null,null,null,null,205,"District No. 5",0.43569999999999998,0.3357,0.43209999999999998,0.33210000000000001,0.42859999999999998,0.3286,0.42499999999999999,0.32500000000000001,0.42859999999999998,0.3286,0.42859999999999998,0.3286,null,null,205,"District No. 5",0.42859999999999998,0.3286,null,"","","","",null,205,"District No. 5","",""]
[null,null,null,null,null,206,"District No. 6",0.40360000000000001,0.30359999999999998,0.40360000000000001,0.30359999999999998,0.41070000000000001,0.31069999999999998,0.41070000000000001,0.31069999999999998,0.40720000000000001,0.30719999999999997,0.40720000000000001,0.30720000000000003,null,null,206,"District No. 6",0.40720000000000001,0.30720000000000003,null,"","","","",null,206,"District No. 6","",""]
[null,null,null,null,null,207,"District No. 7",0.55000000000000004,0.45,0.56430000000000002,0.46429999999999999,0.5786,0.47860000000000003,0.59289999999999998,0.4929,0.58930000000000005,0.48930000000000001,0.5857,0.48570000000000002,null,null,207,"District No. 7",0.5857,0.48570000000000002,null,"","","","",null,207,"District No. 7","",""]
[null,null,null,null,null,208,"District No. 8",0.62860000000000005,0.52859999999999996,0.62139999999999995,0.52139999999999997,0.625,0.52500000000000002,0.63570000000000004,0.53569999999999995,0.63929999999999998,0.5393,0.63929999999999998,0.5393,null,null,208,"District No. 8",0.63929999999999998,0.5393,null,"","","","",null,208,"District No. 8","",""]
[null,null,null,null,null,209,"District No. 9",0.35709999999999997,0.2571,0.35709999999999997,0.2571,0.36070000000000002,0.26069999999999999,0.36430000000000001,0.26429999999999998,0.36070000000000002,0.26069999999999999,0.36429999999999996,0.26429999999999998,null,null,209,"District No. 9",0.36429999999999996,0.26429999999999998,null,"","","","",null,209,"District No. 9","",""]
[null,null,null,null,null,210,"District No. 10",0.5464,0.44640000000000002,0.55000000000000004,0.45,0.5464,0.44640000000000002,0.5464,0.44640000000000002,0.54290000000000005,0.44290000000000002,0.54290000000000005,0.44289999999999996,null,null,210,"District No. 10",0.54290000000000005,0.44289999999999996,null,"","","","",null,210,"District No. 10","",""]
[null,null,null,null,null,211,"District No. 11",0.76429999999999998,0.6643,0.76070000000000004,0.66069999999999995,0.76429999999999998,0.6643,0.77139999999999997,0.6714,0.77139999999999997,0.6714,0.7571,0.65710000000000002,null,null,211,"District No. 11",0.7571,0.65710000000000002,null,"","","","",null,211,"District No. 11","",""]
[null,null,null,null,null,212,"District No. 12",0.3286,0.2286,0.3286,0.2286,0.3286,0.2286,0.32500000000000001,0.22500000000000001,0.32500000000000001,0.22500000000000001,0.32500000000000001,0.22500000000000001,null,null,212,"District No. 12",0.32500000000000001,0.22500000000000001,null,"","","","",null,212,"District No. 12","",""]
[null,null,null,null,null,213,"District No. 13",0.55720000000000003,0.4572,0.5464,0.44640000000000002,0.53210000000000002,0.43209999999999998,0.52859999999999996,0.42859999999999998,0.52139999999999997,0.4214,0.51429999999999998,0.4143,null,null,213,"District No. 13",0.51429999999999998,0.4143,null,"","","","",null,213,"District No. 13","",""]
[null,null,null,null,null,214,"District No. 14",0.48930000000000001,0.38929999999999998,0.49640000000000001,0.39639999999999997,0.49280000000000002,0.39279999999999998,0.48570000000000002,0.38569999999999999,0.49640000000000001,0.39639999999999997,0.5071,0.40710000000000002,null,null,214,"District No. 14",0.5071,0.40710000000000002,null,"","","","",null,214,"District No. 14","",""]
[null,null,null,null,null,215,"District No. 15",0.48570000000000002,0.38569999999999999,0.48930000000000001,0.38929999999999998,0.49640000000000001,0.39639999999999997,0.48570000000000002,0.38569999999999999,0.48930000000000001,0.38929999999999998,0.49639999999999995,0.39639999999999997,null,null,215,"District No. 15",0.49639999999999995,0.39639999999999997,null,"","","","",null,215,"District No. 15","",""]
[null,null,null,null,null,216,"District No. 16",0.67500000000000004,0.57499999999999996,0.68569999999999998,0.5857,0.69640000000000002,0.59640000000000004,0.68930000000000002,0.58930000000000005,0.68930000000000002,0.58930000000000005,0.69640000000000002,0.59639999999999993,null,null,216,"District No. 16",0.69640000000000002,0.59639999999999993,null,"","","","",null,216,"District No. 16","",""]
[null,null,null,null,null,217,"District No. 17",0.5,0.4,0.49280000000000002,0.39279999999999998,0.48570000000000002,0.38569999999999999,0.48220000000000002,0.38219999999999998,0.48220000000000002,0.38219999999999998,0.5,0.4,null,null,217,"District No. 17",0.5,0.4,null,"","","","",null,217,"District No. 17","",""]
[null,null,null,null,null,218,"District No. 18",0.35709999999999997,0.2571,0.36070000000000002,0.26069999999999999,0.36430000000000001,0.26429999999999998,0.36430000000000001,0.26429999999999998,0.3679,0.26790000000000003,0.36070000000000002,0.26070000000000004,null,null,218,"District No. 18",0.36070000000000002,0.26070000000000004,null,"","","","",null,218,"District No. 18","",""]
[null,null,null,null,null,219,"District No. 19",0.81430000000000002,0.71430000000000005,0.81069999999999998,0.7107,0.81069999999999998,0.7107,0.80710000000000004,0.70709999999999995,0.81069999999999998,0.7107,0.81789999999999996,0.71789999999999998,null,null,219,"District No. 19",0.81789999999999996,0.71789999999999998,null,"","","","",null,219,"District No. 19","",""]
[null,null,null,null,null,241,"CREC",0.60360000000000003,0.50360000000000005,0.59640000000000004,0.49640000000000001,0.59289999999999998,0.4929,0.58930000000000005,0.48930000000000001,0.58930000000000005,0.48930000000000001,0.59289999999999998,0.4929,null,null,241,"CREC",0.59289999999999998,0.4929,null,"","","","",null,241,"CREC","",""]
[null,null,null,null,null,242,"EdAdvance",0.50360000000000005,0.40360000000000001,0.5071,0.40710000000000002,0.51429999999999998,0.4143,0.51429999999999998,0.4143,0.51790000000000003,0.41789999999999999,0.52140000000000009,0.4214,null,null,242,"EdAdvance",0.52140000000000009,0.4214,null,"","","","",null,242,"EdAdvance","",""]
[null,null,null,null,null,243,"CES",0.40360000000000001,0.30359999999999998,0.40360000000000001,0.30359999999999998,0.4,0.3,0.4,0.3,0.39639999999999997,0.2964,0.4,0.30000000000000004,null,null,243,"CES",0.4,0.30000000000000004,null,"","","","",null,243,"CES","",""]
[null,null,null,null,null,244,"ACES",0.65359999999999996,0.55359999999999998,0.65359999999999996,0.55359999999999998,0.65,0.55000000000000004,0.65,0.55000000000000004,0.65,0.55000000000000004,0.65,0.55000000000000004,null,null,244,"ACES",0.65,0.55000000000000004,null,"","","","",null,244,"ACES","",""]
[null,null,null,null,null,245,"LEARN",0.50360000000000005,0.40360000000000001,0.50360000000000005,0.40360000000000001,0.50360000000000005,0.40360000000000001,0.50360000000000005,0.40360000000000001,0.5071,0.40710000000000002,0.51069999999999993,0.41069999999999995,null,null,245,"LEARN",0.51069999999999993,0.41069999999999995,null,"","","","",null,245,"LEARN","",""]
[null,null,null,null,null,253,"EastConn",0.6714,0.57140000000000002,0.66790000000000005,0.56789999999999996,0.6643,0.56430000000000002,0.6643,0.56430000000000002,0.66069999999999995,0.56069999999999998,0.65710000000000002,0.55710000000000004,null,null,253,"EastConn",0.65710000000000002,0.55710000000000004,null,"","","","",null,253,"EastConn","",""]
[null,null,null,null,null,901,"Norwich Free Acad.",0.76429999999999998,0.6643,0.76429999999999998,0.6643,0.77139999999999997,0.6714,0.77139999999999997,0.6714,0.76790000000000003,0.66790000000000005,0.76429999999999998,0.6643,null,null,901,"Norwich Free Acad.",0.76429999999999998,0.6643,null,"","","","",null,901,"Norwich Free Acad.","",""]
[null,null,null,null,null,902,"Gilbert School",0.74280000000000002,0.64280000000000004,0.74280000000000002,0.64280000000000004,0.73929999999999996,0.63929999999999998,0.74280000000000002,0.64280000000000004,0.74280000000000002,0.64280000000000004,0.74640000000000006,0.64640000000000009,null,null,902,"Gilbert School",0.74640000000000006,0.64640000000000009,null,{"$f":"IF(F195=V195,\"\",\"X\")","v":""},"",{"$f":"IF(R195=X195,\"\",\"X\")","v":""},"",null,902,"Gilbert School",{"$f":"IF(F195=AF195,\"\",\"X\")","v":""},""]
[null,null,null,null,null,903,"Woodstock Acad.",0.69289999999999996,0.59289999999999998,0.68930000000000002,0.58930000000000005,0.69289999999999996,0.59289999999999998,0.68930000000000002,0.58930000000000005,0.68569999999999998,0.5857,0.67500000000000004,0.57500000000000007,null,null,903,"Woodstock Acad.",0.67500000000000004,0.57500000000000007,null,"","","","",null,903,"Woodstock Acad.","",""]

{"sheet":"Dropdowns","index":3,"n_rows":196,"n_cols":20,"rows_kept":196,"cut":false,"hidden":true,"merged":[]}
[null,"Town, District, or Regional Educational Service Center (RESC)",null,null,null,null,null,null,"Project Type",null,null,"Priority"]
[null,"ANDOVER",null,null,null,null,null,null,"New Construction",null,null,"New Construction","General Construction",null,{"$f":"_xlfn.UNIQUE(_xlfn.XLOOKUP(Calculator!$D$5,Dropdowns!$L$2:$M$2,Dropdowns!$L$3:$M$5),,TRUE)","v":"Priority"}]
[null,"ANSONIA",null,null,null,null,null,null,"General Construction",null,null,"Priority","Priority",null,"Non-Priority"]
[null,"ASHFORD",null,null,null,null,null,null,null,null,null,null,"Non-Priority",null,"HVAC"]
[null,"AVON",null,null,null,null,null,null,null,null,null,null,"HVAC"]
[null,"BARKHAMSTED"]
[null,"BEACON FALLS"]
[null,"BERLIN"]
[null,"BETHANY"]
[null,"BETHEL",null,null,null,null,null,null,null,null,null,null,"Priority","HVAC","Non-Priority",null,null,null,null,{"$f":"_xlfn.XLOOKUP(Calculator!$F$5,Dropdowns!$M$10:$O$10,Dropdowns!$M$11:$O$11)","v":"Date application was submitted (or anticipated date)"}]
[null,"BETHLEHEM",null,null,null,null,null,null,null,null,null,null,"Date of local authority funding authorization","Date application was submitted (or anticipated date)","Date application was submitted (or anticipated date)"]
[null,"BLOOMFIELD"]
[null,"BOLTON"]
[null,"BOZRAH"]
[null,"BRANFORD"]
[null,"BRIDGEPORT"]
[null,"BRIDGEWATER"]
[null,"BRISTOL"]
[null,"BROOKFIELD"]
[null,"BROOKLYN"]
[null,"BURLINGTON"]
[null,"CANAAN"]
[null,"CANTERBURY"]
[null,"CANTON"]
[null,"CHAPLIN"]
[null,"CHESHIRE"]
[null,"CHESTER"]
[null,"CLINTON"]
[null,"COLCHESTER"]
[null,"COLEBROOK"]
[null,"COLUMBIA"]
[null,"CORNWALL"]
[null,"COVENTRY"]
[null,"CROMWELL"]
[null,"DANBURY"]
[null,"DARIEN"]
[null,"DEEP RIVER"]
[null,"DERBY"]
[null,"DURHAM"]
[null,"EASTFORD"]
[null,"EAST GRANBY"]
[null,"EAST HADDAM"]
[null,"EAST HAMPTON"]
[null,"EAST HARTFORD"]
[null,"EAST HAVEN"]
[null,"EAST LYME"]
[null,"EASTON"]
[null,"EAST WINDSOR"]
[null,"ELLINGTON"]
[null,"ENFIELD"]
[null,"ESSEX"]
[null,"FAIRFIELD"]
[null,"FARMINGTON"]
[null,"FRANKLIN"]
[null,"GLASTONBURY"]
[null,"GOSHEN"]
[null,"GRANBY"]
[null,"GREENWICH"]
[null,"GRISWOLD"]
[null,"GROTON"]
[null,"GUILFORD"]
[null,"HADDAM"]
[null,"HAMDEN"]
[null,"HAMPTON"]
[null,"HARTFORD"]
[null,"HARTLAND"]
[null,"HARWINTON"]
[null,"HEBRON"]
[null,"KENT"]
[null,"KILLINGLY"]
[null,"KILLINGWORTH"]
[null,"LEBANON"]
[null,"LEDYARD"]
[null,"LISBON"]
[null,"LITCHFIELD"]
[null,"LYME"]
[null,"MADISON"]
[null,"MANCHESTER"]
[null,"MANSFIELD"]
[null,"MARLBOROUGH"]
[null,"MERIDEN"]
[null,"MIDDLEBURY"]
[null,"MIDDLEFIELD"]
[null,"MIDDLETOWN"]
[null,"MILFORD"]
[null,"MONROE"]
[null,"MONTVILLE"]
[null,"MORRIS"]
[null,"NAUGATUCK"]
[null,"NEW BRITAIN"]
[null,"NEW CANAAN"]
[null,"NEW FAIRFIELD"]
[null,"NEW HARTFORD"]
[null,"NEW HAVEN"]
[null,"NEWINGTON"]
[null,"NEW LONDON"]
[null,"NEW MILFORD"]
[null,"NEWTOWN"]
[null,"NORFOLK"]
[null,"NORTH BRANFORD"]
[null,"NORTH CANAAN"]
[null,"NORTH HAVEN"]
[null,"NORTH STONINGTON"]
[null,"NORWALK"]
[null,"NORWICH"]
[null,"OLD LYME"]
[null,"OLD SAYBROOK"]
[null,"ORANGE"]
[null,"OXFORD"]
[null,"PLAINFIELD"]
[null,"PLAINVILLE"]
[null,"PLYMOUTH"]
[null,"POMFRET"]
[null,"PORTLAND"]
[null,"PRESTON"]
[null,"PROSPECT"]
[null,"PUTNAM"]
[null,"REDDING"]
[null,"RIDGEFIELD"]
[null,"ROCKY HILL"]
[null,"ROXBURY"]
[null,"SALEM"]
[null,"SALISBURY"]
[null,"SCOTLAND"]
[null,"SEYMOUR"]
[null,"SHARON"]
[null,"SHELTON"]
[null,"SHERMAN"]
[null,"SIMSBURY"]
[null,"SOMERS"]
[null,"SOUTHBURY"]
[null,"SOUTHINGTON"]
[null,"SOUTH WINDSOR"]
[null,"SPRAGUE"]
[null,"STAFFORD"]
[null,"STAMFORD"]
[null,"STERLING"]
[null,"STONINGTON"]
[null,"STRATFORD"]
[null,"SUFFIELD"]
[null,"THOMASTON"]
[null,"THOMPSON"]
[null,"TOLLAND"]
[null,"TORRINGTON"]
[null,"TRUMBULL"]
[null,"UNION"]
[null,"VERNON"]
[null,"VOLUNTOWN"]
[null,"WALLINGFORD"]
[null,"WARREN"]
[null,"WASHINGTON"]
[null,"WATERBURY"]
[null,"WATERFORD"]
[null,"WATERTOWN"]
[null,"WESTBROOK"]
[null,"WEST HARTFORD"]
[null,"WEST HAVEN"]
[null,"WESTON"]
[null,"WESTPORT"]
[null,"WETHERSFIELD"]
[null,"WILLINGTON"]
[null,"WILTON"]
[null,"WINCHESTER"]
[null,"WINDHAM"]
[null,"WINDSOR"]
[null,"WINDSOR LOCKS"]
[null,"WOLCOTT"]
[null,"WOODBRIDGE"]
[null,"WOODBURY"]
[null,"WOODSTOCK"]
[null,"District No. 1"]
[null,"District No. 4"]
[null,"District No. 5"]
[null,"District No. 6"]
[null,"District No. 7"]
[null,"District No. 8"]
[null,"District No. 9"]
[null,"District No. 10"]
[null,"District No. 11"]
[null,"District No. 12"]
[null,"District No. 13"]
[null,"District No. 14"]
[null,"District No. 15"]
[null,"District No. 16"]
[null,"District No. 17"]
[null,"District No. 18"]
[null,"District No. 19"]
[null,"CREC"]
[null,"EdAdvance"]
[null,"CES"]
[null,"ACES"]
[null,"LEARN"]
[null,"EastConn"]
[null,"Norwich Free Acad."]
[null,"Gilbert School"]
[null,"Woodstock Acad."]

{"sheet":"Original","index":4,"n_rows":196,"n_cols":30,"rows_kept":196,"cut":false,"hidden":true,"merged":[]}
["District\nCode","District Name","2019\nGeneral\nConstruction","2019 New","2020\nGeneral\nConstruction","2020 New","2021\nGeneral\nConstruction","2021 New","2022\nGeneral\nConstruction","2022 New","2023\nGeneral\nConstruction","2023 New","2024\nGeneral\nConstruction","2024 New",null,null,"District Code","District Name","General Calc1","New Calc1",null,"Test District Code","Test District Name","Test General Calc1","Test New Calc1",null,"DisNum","DistrictName"]
[1,"ANDOVER",0.5786,0.47860000000000003,0.5857,0.48570000000000002,0.58930000000000005,0.48930000000000001,0.58930000000000005,0.48930000000000001,0.59289999999999998,0.4929,0.60360000000000003,0.50360000000000005,null,null,1,"ANDOVER",0.60360000000000003,0.50360000000000005,null,{"$f":"IF(A2=Q2,\"\",\"X\")","v":""},{"$f":"IF(B2=R2,\"\",\"X\")","v":""},{"$f":"IF(M2=S2,\"\",\"X\")","v":""},{"$f":"IF(N2=T2,\"\",\"X\")","v":""},null,1,"ANDOVER",{"$f":"IF(A2=AA2,\"\",\"X\")","v":""},{"$f":"IF(B2=AB2,\"\",\"X\")","v":""}]
[2,"ANSONIA",0.77139999999999997,0.6714,0.77500000000000002,0.67500000000000004,0.77500000000000002,0.67500000000000004,0.77859999999999996,0.67859999999999998,0.77859999999999996,0.67859999999999998,0.77859999999999996,0.67859999999999998,null,null,2,"ANSONIA",0.77859999999999996,0.67859999999999998,null,{"$f":"IF(A3=Q3,\"\",\"X\")","v":""},{"$f":"IF(B3=R3,\"\",\"X\")","v":""},{"$f":"IF(M3=S3,\"\",\"X\")","v":""},{"$f":"IF(N3=T3,\"\",\"X\")","v":""},null,2,"ANSONIA",{"$f":"IF(A3=AA3,\"\",\"X\")","v":""},""]
[3,"ASHFORD",0.63929999999999998,0.5393,0.6321,0.53210000000000002,0.63570000000000004,0.53569999999999995,0.63570000000000004,0.53569999999999995,0.65359999999999996,0.55359999999999998,0.66789999999999994,0.56789999999999996,null,null,3,"ASHFORD",0.66789999999999994,0.56789999999999996,null,"","","","",null,3,"ASHFORD","",""]
[4,"AVON",0.2893,0.1893,0.28570000000000001,0.1857,0.27500000000000002,0.17499999999999999,0.27500000000000002,0.17499999999999999,0.27500000000000002,0.17499999999999999,0.27860000000000001,0.17860000000000001,null,null,4,"AVON",0.27860000000000001,0.17860000000000001,null,"","","","",null,4,"AVON","",""]
[5,"BARKHAMSTED",0.51070000000000004,0.41070000000000001,0.51070000000000004,0.41070000000000001,0.52139999999999997,0.4214,0.51790000000000003,0.41789999999999999,0.50360000000000005,0.40360000000000001,0.50360000000000005,0.40359999999999996,null,null,5,"BARKHAMSTED",0.50360000000000005,0.40359999999999996,null,"","","","",null,5,"BARKHAMSTED","",""]
[6,"BEACON FALLS",0.63570000000000004,0.53569999999999995,0.63570000000000004,0.53569999999999995,0.6321,0.53210000000000002,0.62860000000000005,0.52859999999999996,0.62860000000000005,0.52859999999999996,0.62860000000000005,0.52859999999999996,null,null,6,"BEACON FALLS",0.62860000000000005,0.52859999999999996,null,"","","","",null,6,"BEACON FALLS","",""]
[7,"BERLIN",0.4214,0.32140000000000002,0.45,0.35,0.44640000000000002,0.34639999999999999,0.44290000000000002,0.34289999999999998,0.4143,0.31430000000000002,0.4143,0.31430000000000002,null,null,7,"BERLIN",0.4143,0.31430000000000002,null,"","","","",null,7,"BERLIN","",""]
[8,"BETHANY",0.37859999999999999,0.27860000000000001,0.39279999999999998,0.2928,0.4,0.3,0.41070000000000001,0.31069999999999998,0.4,0.3,0.375,0.27500000000000002,null,null,8,"BETHANY",0.375,0.27500000000000002,null,"","","","",null,8,"BETHANY","",""]
[9,"BETHEL",0.48209999999999997,0.3821,0.48570000000000002,0.38569999999999999,0.46779999999999999,0.36780000000000002,0.46429999999999999,0.36430000000000001,0.4607,0.36070000000000002,0.47139999999999999,0.37139999999999995,null,null,9,"BETHEL",0.47139999999999999,0.37139999999999995,null,"","","","",null,9,"BETHEL","",""]
[10,"BETHLEHEM",0.43569999999999998,0.3357,0.44290000000000002,0.34289999999999998,0.43209999999999998,0.33210000000000001,0.4143,0.31430000000000002,0.4536,0.35360000000000003,0.45,0.35,null,null,10,"BETHLEHEM",0.45,0.35,null,"","","","",null,10,"BETHLEHEM","",""]
[11,"BLOOMFIELD",0.47860000000000003,0.37859999999999999,0.47499999999999998,0.375,0.47860000000000003,0.37859999999999999,0.47499999999999998,0.375,0.5,0.4,0.5071,0.40710000000000002,null,null,11,"BLOOMFIELD",0.5071,0.40710000000000002,null,"","","","",null,11,"BLOOMFIELD","",""]
[12,"BOLTON",0.4929,0.39290000000000003,0.48209999999999997,0.3821,0.47139999999999999,0.37140000000000001,0.47139999999999999,0.37140000000000001,0.47139999999999999,0.37140000000000001,0.48930000000000001,0.38929999999999998,null,null,12,"BOLTON",0.48930000000000001,0.38929999999999998,null,"","","","",null,12,"BOLTON","",""]
[13,"BOZRAH",0.56430000000000002,0.46429999999999999,0.6,0.5,0.61429999999999996,0.51429999999999998,0.62139999999999995,0.52139999999999997,0.6,0.5,0.59640000000000004,0.49639999999999995,null,null,13,"BOZRAH",0.59640000000000004,0.49639999999999995,null,"","","","",null,13,"BOZRAH","",""]
[14,"BRANFORD",0.36430000000000001,0.26429999999999998,0.36430000000000001,0.26429999999999998,0.36430000000000001,0.26429999999999998,0.36070000000000002,0.26069999999999999,0.34639999999999999,0.24640000000000001,0.34640000000000004,0.24640000000000001,null,null,14,"BRANFORD",0.34640000000000004,0.24640000000000001,null,"","","","",null,14,"BRANFORD","",""]
[15,"BRIDGEPORT",0.7893,0.68930000000000002,0.7893,0.68930000000000002,0.7893,0.68930000000000002,0.78569999999999995,0.68569999999999998,0.78569999999999995,0.68569999999999998,0.78570000000000007,0.68569999999999998,null,null,15,"BRIDGEPORT",0.78570000000000007,0.68569999999999998,null,"","","","",null,15,"BRIDGEPORT","",""]
[16,"BRIDGEWATER",0.24279999999999999,0.14280000000000001,0.24279999999999999,0.14280000000000001,0.23930000000000001,0.13930000000000001,0.24279999999999999,0.14280000000000001,0.23930000000000001,0.13930000000000001,0.23930000000000001,0.13930000000000001,null,null,16,"BRIDGEWATER",0.23930000000000001,0.13930000000000001,null,"","","","",null,16,"BRIDGEWATER","",""]
[17,"BRISTOL",0.70709999999999995,0.60709999999999997,0.7,0.6,0.68930000000000002,0.58930000000000005,0.69279999999999997,0.59279999999999999,0.69640000000000002,0.59640000000000004,0.71429999999999993,0.61429999999999996,null,null,17,"BRISTOL",0.71429999999999993,0.61429999999999996,null,"","","","",null,17,"BRISTOL","",""]
[18,"BROOKFIELD",0.31430000000000002,0.21429999999999999,0.31430000000000002,0.21429999999999999,0.31430000000000002,0.21429999999999999,0.3286,0.2286,0.33929999999999999,0.23930000000000001,0.33930000000000005,0.23930000000000001,null,null,18,"BROOKFIELD",0.33930000000000005,0.23930000000000001,null,"","","","",null,18,"BROOKFIELD","",""]
[19,"BROOKLYN",0.74639999999999995,0.64639999999999997,0.73929999999999996,0.63929999999999998,0.73929999999999996,0.63929999999999998,0.72860000000000003,0.62860000000000005,0.72499999999999998,0.625,0.70710000000000006,0.60709999999999997,null,null,19,"BROOKLYN",0.70710000000000006,0.60709999999999997,null,"","","","",null,19,"BROOKLYN","",""]
[20,"BURLINGTON",0.44640000000000002,0.34639999999999999,0.4572,0.35720000000000002,0.4607,0.36070000000000002,0.4536,0.35360000000000003,0.42499999999999999,0.32500000000000001,0.4214,0.32140000000000002,null,null,20,"BURLINGTON",0.4214,0.32140000000000002,null,"","","","",null,20,"BURLINGTON","",""]
[21,"CANAAN",0.34289999999999998,0.2429,0.34289999999999998,0.2429,0.3679,0.26790000000000003,0.34639999999999999,0.24640000000000001,0.3286,0.2286,0.31070000000000003,0.2107,null,null,21,"CANAAN",0.31070000000000003,0.2107,null,"","","","",null,21,"CANAAN","",""]
[22,"CANTERBURY",0.68220000000000003,0.58220000000000005,0.68220000000000003,0.58220000000000005,0.68220000000000003,0.58220000000000005,0.67500000000000004,0.57499999999999996,0.6714,0.57140000000000002,0.6714,0.57140000000000002,null,null,22,"CANTERBURY",0.6714,0.57140000000000002,null,"","","","",null,22,"CANTERBURY","",""]
[23,"CANTON",0.38569999999999999,0.28570000000000001,0.38569999999999999,0.28570000000000001,0.38219999999999998,0.28220000000000001,0.38219999999999998,0.28220000000000001,0.37859999999999999,0.27860000000000001,0.38570000000000004,0.28570000000000001,null,null,23,"CANTON",0.38570000000000004,0.28570000000000001,null,"","","","",null,23,"CANTON","",""]
[24,"CHAPLIN",0.67500000000000004,0.57499999999999996,0.66790000000000005,0.56789999999999996,0.66790000000000005,0.56789999999999996,0.66790000000000005,0.56789999999999996,0.6643,0.56430000000000002,0.64640000000000009,0.5464,null,null,24,"CHAPLIN",0.64640000000000009,0.5464,null,"","","","",null,24,"CHAPLIN","",""]
[25,"CHESHIRE",0.4572,0.35720000000000002,0.4536,0.35360000000000003,0.4572,0.35720000000000002,0.4572,0.35720000000000002,0.5,0.5,0.5,0.5,null,null,25,"CHESHIRE",0.5,0.5,null,"","","","",null,25,"CHESHIRE","",""]
[26,"CHESTER",0.39279999999999998,0.2928,0.40360000000000001,0.30359999999999998,0.4143,0.31430000000000002,0.43930000000000002,0.33929999999999999,0.4572,0.35720000000000002,0.4536,0.35360000000000003,null,null,26,"CHESTER",0.4536,0.35360000000000003,null,"","","","",null,26,"CHESTER","",""]
[27,"CLINTON",0.41789999999999999,0.31790000000000002,0.41789999999999999,0.31790000000000002,0.42859999999999998,0.3286,0.43569999999999998,0.3357,0.45,0.35,0.43569999999999998,0.3357,null,null,27,"CLINTON",0.43569999999999998,0.3357,null,"","","","",null,27,"CLINTON","",""]
[28,"COLCHESTER",0.625,0.52500000000000002,0.62139999999999995,0.52139999999999997,0.60719999999999996,0.50719999999999998,0.61070000000000002,0.51070000000000004,0.61070000000000002,0.51070000000000004,0.60719999999999996,0.50719999999999998,null,null,28,"COLCHESTER",0.60719999999999996,0.50719999999999998,null,"","","","",null,28,"COLCHESTER","",""]
[29,"COLEBROOK",0.38219999999999998,0.28220000000000001,0.38929999999999998,0.2893,0.41070000000000001,0.31069999999999998,0.46779999999999999,0.36780000000000002,0.47499999999999998,0.375,0.46429999999999999,0.36429999999999996,null,null,29,"COLEBROOK",0.46429999999999999,0.36429999999999996,null,"","","","",null,29,"COLEBROOK","",""]
[30,"COLUMBIA",0.52500000000000002,0.42499999999999999,0.52500000000000002,0.42499999999999999,0.51429999999999998,0.4143,0.5071,0.40710000000000002,0.51790000000000003,0.41789999999999999,0.52140000000000009,0.4214,null,null,30,"COLUMBIA",0.52140000000000009,0.4214,null,"","","","",null,30,"COLUMBIA","",""]
[31,"CORNWALL",0.23930000000000001,0.13930000000000001,0.25,0.15,0.25,0.15,0.25359999999999999,0.15359999999999999,0.25,0.15,0.24280000000000002,0.14280000000000001,null,null,31,"CORNWALL",0.24280000000000002,0.14280000000000001,null,"","","","",null,31,"CORNWALL","",""]
[32,"COVENTRY",0.62860000000000005,0.52859999999999996,0.60719999999999996,0.50719999999999998,0.59289999999999998,0.4929,0.59289999999999998,0.4929,0.59640000000000004,0.49640000000000001,0.58929999999999993,0.48929999999999996,null,null,32,"COVENTRY",0.58929999999999993,0.48929999999999996,null,"","","","",null,32,"COVENTRY","",""]
[33,"CROMWELL",0.45,0.35,0.46779999999999999,0.36780000000000002,0.49640000000000001,0.39639999999999997,0.49640000000000001,0.39639999999999997,0.47860000000000003,0.37859999999999999,0.4607,0.36070000000000002,null,null,33,"CROMWELL",0.4607,0.36070000000000002,null,"","","","",null,33,"CROMWELL","",""]
[34,"DANBURY",0.6321,0.53210000000000002,0.63929999999999998,0.5393,0.63929999999999998,0.5393,0.6321,0.53210000000000002,0.64290000000000003,0.6,0.64290000000000003,0.6,null,null,34,"DANBURY",0.64290000000000003,0.6,null,"","","","",null,34,"DANBURY","",""]
[35,"DARIEN",0.20710000000000001,0.1071,0.20710000000000001,0.1071,0.20710000000000001,0.1071,0.20710000000000001,0.1071,0.20710000000000001,0.1071,0.20710000000000001,0.1071,null,null,35,"DARIEN",0.20710000000000001,0.1071,null,"","","","",null,35,"DARIEN","",""]
[36,"DEEP RIVER",0.4607,0.36070000000000002,0.43930000000000002,0.33929999999999999,0.4536,0.35360000000000003,0.44640000000000002,0.34639999999999999,0.41789999999999999,0.31790000000000002,0.43930000000000002,0.33930000000000005,null,null,36,"DEEP RIVER",0.43930000000000002,0.33930000000000005,null,"","","","",null,36,"DEEP RIVER","",""]
[37,"DERBY",0.73929999999999996,0.63929999999999998,0.7429,0.64290000000000003,0.75,0.65,0.76070000000000004,0.66069999999999995,0.76070000000000004,0.66069999999999995,0.75,0.65,null,null,37,"DERBY",0.75,0.65,null,"","","","",null,37,"DERBY","",""]
[38,"DURHAM",0.42499999999999999,0.32500000000000001,0.41070000000000001,0.31069999999999998,0.39639999999999997,0.2964,0.38929999999999998,0.2893,0.38219999999999998,0.28220000000000001,0.37140000000000001,0.27139999999999997,null,null,38,"DURHAM",0.37140000000000001,0.27139999999999997,null,"","","","",null,38,"DURHAM","",""]
[39,"EASTFORD",0.58930000000000005,0.48930000000000001,0.58209999999999995,0.48209999999999997,0.5786,0.47860000000000003,0.5857,0.48570000000000002,0.60360000000000003,0.50360000000000005,0.58210000000000006,0.48209999999999997,null,null,39,"EASTFORD",0.58210000000000006,0.48209999999999997,null,"","","","",null,39,"EASTFORD","",""]
[40,"EAST GRANBY",0.40710000000000002,0.30709999999999998,0.43209999999999998,0.33210000000000001,0.44290000000000002,0.34289999999999998,0.45,0.35,0.43209999999999998,0.33210000000000001,0.44290000000000002,0.34289999999999998,null,null,40,"EAST GRANBY",0.44290000000000002,0.34289999999999998,null,"","","","",null,40,"EAST GRANBY","",""]
[41,"EAST HADDAM",0.48570000000000002,0.38569999999999999,0.4929,0.39290000000000003,0.4929,0.39290000000000003,0.5,0.4,0.52139999999999997,0.4214,0.52859999999999996,0.42859999999999998,null,null,41,"EAST HADDAM",0.52859999999999996,0.42859999999999998,null,"","","","",null,41,"EAST HADDAM","",""]
[42,"EAST HAMPTON",0.55000000000000004,0.45,0.52859999999999996,0.42859999999999998,0.51790000000000003,0.41789999999999999,0.50360000000000005,0.40360000000000001,0.53569999999999995,0.43569999999999998,0.55360000000000009,0.4536,null,null,42,"EAST HAMPTON",0.55360000000000009,0.4536,null,"","","","",null,42,"EAST HAMPTON","",""]
[43,"EAST HARTFORD",0.76780000000000004,0.66779999999999995,0.76780000000000004,0.66779999999999995,0.76429999999999998,0.6643,0.76429999999999998,0.6643,0.76429999999999998,0.6643,0.76429999999999998,0.6643,null,null,43,"EAST HARTFORD",0.76429999999999998,0.6643,null,"","","","",null,43,"EAST HARTFORD","",""]
[44,"EAST HAVEN",0.68930000000000002,0.58930000000000005,0.68930000000000002,0.58930000000000005,0.69279999999999997,0.59279999999999999,0.69640000000000002,0.59640000000000004,0.68930000000000002,0.58930000000000005,0.7,0.6,null,null,44,"EAST HAVEN",0.7,0.6,null,"","","","",null,44,"EAST HAVEN","",""]
[45,"EAST LYME",0.42859999999999998,0.3286,0.44640000000000002,0.34639999999999999,0.43569999999999998,0.3357,0.42499999999999999,0.32500000000000001,0.41070000000000001,0.31069999999999998,0.40710000000000002,0.30710000000000004,null,null,45,"EAST LYME",0.40710000000000002,0.30710000000000004,null,"","","","",null,45,"EAST LYME","",""]
[46,"EASTON",0.2571,0.15709999999999999,0.2571,0.15709999999999999,0.26069999999999999,0.16070000000000001,0.26429999999999998,0.1643,0.26429999999999998,0.1643,0.26790000000000003,0.16789999999999999,null,null,46,"EASTON",0.26790000000000003,0.16789999999999999,null,"","","","",null,46,"EASTON","",""]
[47,"EAST WINDSOR",0.60719999999999996,0.50719999999999998,0.625,0.52500000000000002,0.61070000000000002,0.51070000000000004,0.60719999999999996,0.50719999999999998,0.62139999999999995,0.52139999999999997,0.6321,0.53210000000000002,null,null,47,"EAST WINDSOR",0.6321,0.53210000000000002,null,"","","","",null,47,"EAST WINDSOR","",""]
[48,"ELLINGTON",0.57140000000000002,0.47139999999999999,0.57499999999999996,0.47499999999999998,0.56430000000000002,0.46429999999999999,0.55359999999999998,0.4536,0.55000000000000004,0.45,0.5464,0.44640000000000002,null,null,48,"ELLINGTON",0.5464,0.44640000000000002,null,"","","","",null,48,"ELLINGTON","",""]
[49,"ENFIELD",0.7036,0.60360000000000003,0.70709999999999995,0.60709999999999997,0.7,0.6,0.70709999999999995,0.60709999999999997,0.71789999999999998,0.6179,0.71789999999999998,0.6179,null,null,49,"ENFIELD",0.71789999999999998,0.6179,null,"","","","",null,49,"ENFIELD","",""]
[50,"ESSEX",0.27139999999999997,0.1714,0.27139999999999997,0.1714,0.27860000000000001,0.17860000000000001,0.27860000000000001,0.17860000000000001,0.28570000000000001,0.1857,0.28570000000000001,0.1857,null,null,50,"ESSEX",0.28570000000000001,0.1857,null,"","","","",null,50,"ESSEX","",""]
[51,"FAIRFIELD",0.26069999999999999,0.16070000000000001,0.26069999999999999,0.16070000000000001,0.25359999999999999,0.15359999999999999,0.2571,0.15709999999999999,0.26069999999999999,0.16070000000000001,0.26429999999999998,0.1643,null,null,51,"FAIRFIELD",0.26429999999999998,0.1643,null,"","","","",null,51,"FAIRFIELD","",""]
[52,"FARMINGTON",0.3,0.2,0.2964,0.19639999999999999,0.2893,0.1893,0.2964,0.19639999999999999,0.2964,0.19639999999999999,0.30000000000000004,0.2,null,null,52,"FARMINGTON",0.30000000000000004,0.2,null,"","","","",null,52,"FARMINGTON","",""]
[53,"FRANKLIN",0.52859999999999996,0.42859999999999998,0.51429999999999998,0.4143,0.50360000000000005,0.40360000000000001,0.48930000000000001,0.38929999999999998,0.44640000000000002,0.34639999999999999,0.41790000000000005,0.31790000000000002,null,null,53,"FRANKLIN",0.41790000000000005,0.31790000000000002,null,"","","","",null,53,"FRANKLIN","",""]
[54,"GLASTONBURY",0.33210000000000001,0.2321,0.3286,0.2286,0.3286,0.2286,0.32500000000000001,0.22500000000000001,0.31780000000000003,0.21779999999999999,0.32500000000000001,0.22500000000000001,null,null,54,"GLASTONBURY",0.32500000000000001,0.22500000000000001,null,"","","","",null,54,"GLASTONBURY","",""]
[55,"GOSHEN",0.29289999999999999,0.19289999999999999,0.29289999999999999,0.19289999999999999,0.31069999999999998,0.2107,0.31430000000000002,0.21429999999999999,0.31430000000000002,0.21429999999999999,0.30720000000000003,0.2072,null,null,55,"GOSHEN",0.30720000000000003,0.2072,null,"","","","",null,55,"GOSHEN","",""]
[56,"GRANBY",0.39639999999999997,0.2964,0.37859999999999999,0.27860000000000001,0.37859999999999999,0.27860000000000001,0.39639999999999997,0.2964,0.43930000000000002,0.33929999999999999,0.4572,0.35719999999999996,null,null,56,"GRANBY",0.4572,0.35719999999999996,null,"","","","",null,56,"GRANBY","",""]
[57,"GREENWICH",0.2,0.1,0.2,0.1,0.2,0.1,0.2,0.1,0.2,0.1,0.2,0.1,null,null,57,"GREENWICH",0.2,0.1,null,"","","","",null,57,"GREENWICH","",""]
[58,"GRISWOLD",0.72140000000000004,0.62139999999999995,0.72860000000000003,0.62860000000000005,0.73209999999999997,0.6321,0.73209999999999997,0.6321,0.73570000000000002,0.63570000000000004,0.73209999999999997,0.6321,null,null,58,"GRISWOLD",0.73209999999999997,0.6321,null,"","","","",null,58,"GRISWOLD","",""]
[59,"GROTON",0.56789999999999996,0.46789999999999998,0.57140000000000002,0.47139999999999999,0.56069999999999998,0.4607,0.56789999999999996,0.46789999999999998,0.58209999999999995,0.48209999999999997,0.59289999999999998,0.4929,null,null,59,"GROTON",0.59289999999999998,0.4929,null,"","","","",null,59,"GROTON","",""]
[60,"GUILFORD",0.30719999999999997,0.2072,0.3,0.2,0.30719999999999997,0.2072,0.30719999999999997,0.2072,0.29289999999999999,0.19289999999999999,0.2964,0.19640000000000002,null,null,60,"GUILFORD",0.2964,0.19640000000000002,null,"","","","",null,60,"GUILFORD","",""]
[61,"HADDAM",0.43209999999999998,0.33210000000000001,0.42859999999999998,0.3286,0.41789999999999999,0.31790000000000002,0.40710000000000002,0.30709999999999998,0.38929999999999998,0.2893,0.40360000000000001,0.30359999999999998,null,null,61,"HADDAM",0.40360000000000001,0.30359999999999998,null,"","","","",null,61,"HADDAM","",""]
[62,"HAMDEN",0.66790000000000005,0.56789999999999996,0.67859999999999998,0.5786,0.67859999999999998,0.5786,0.68220000000000003,0.58220000000000005,0.68220000000000003,0.58220000000000005,0.68930000000000002,0.58930000000000005,null,null,62,"HAMDEN",0.68930000000000002,0.58930000000000005,null,"","","","",null,62,"HAMDEN","",""]
[63,"HAMPTON",0.61429999999999996,0.51429999999999998,0.61070000000000002,0.51070000000000004,0.62860000000000005,0.52859999999999996,0.64639999999999997,0.5464,0.63929999999999998,0.5393,0.63569999999999993,0.53569999999999995,null,null,63,"HAMPTON",0.63569999999999993,0.53569999999999995,null,"","","","",null,63,"HAMPTON","",""]
[64,"HARTFORD",0.8,0.7,0.8,0.7,0.8,0.7,0.8,0.7,0.8,0.7,0.8,0.7,null,null,64,"HARTFORD",0.8,0.7,null,"","","","",null,64,"HARTFORD","",""]
[65,"HARTLAND",0.55359999999999998,0.4536,0.5464,0.44640000000000002,0.54279999999999995,0.44280000000000003,0.55710000000000004,0.45710000000000001,0.54279999999999995,0.44280000000000003,0.52500000000000002,0.42500000000000004,null,null,65,"HARTLAND",0.52500000000000002,0.42500000000000004,null,"","","","",null,65,"HARTLAND","",{"$f":"IF(B66=AB66,\"\",\"X\")","v":""}]
[66,"HARWINTON",0.43930000000000002,0.33929999999999999,0.43569999999999998,0.3357,0.4214,0.32140000000000002,0.42859999999999998,0.3286,0.46779999999999999,0.36780000000000002,0.47500000000000003,0.375,null,null,66,"HARWINTON",0.47500000000000003,0.375,null,{"$f":"IF(A67=Q67,\"\",\"X\")","v":""},{"$f":"IF(B67=R67,\"\",\"X\")","v":""},{"$f":"IF(M67=S67,\"\",\"X\")","v":""},{"$f":"IF(N67=T67,\"\",\"X\")","v":""},null,66,"HARWINTON",{"$f":"IF(A67=AA67,\"\",\"X\")","v":""},""]
[67,"HEBRON",0.54279999999999995,0.44280000000000003,0.53220000000000001,0.43219999999999997,0.53569999999999995,0.43569999999999998,0.5464,0.44640000000000002,0.55710000000000004,0.45710000000000001,0.55709999999999993,0.45709999999999995,null,null,67,"HEBRON",0.55709999999999993,0.45709999999999995,null,"","","","",null,67,"HEBRON","",""]
[68,"KENT",0.28210000000000002,0.18210000000000001,0.2893,0.1893,0.29289999999999999,0.19289999999999999,0.3,0.2,0.3,0.2,0.29289999999999999,0.19290000000000002,null,null,68,"KENT",0.29289999999999999,0.19290000000000002,null,"","","","",null,68,"KENT","",""]
[69,"KILLINGLY",0.73570000000000002,0.63570000000000004,0.73209999999999997,0.6321,0.72499999999999998,0.625,0.72140000000000004,0.62139999999999995,0.7,0.6,0.69280000000000008,0.59279999999999999,null,null,69,"KILLINGLY",0.69280000000000008,0.59279999999999999,null,"","","","",null,69,"KILLINGLY","",""]
[70,"KILLINGWORTH",0.35360000000000003,0.25359999999999999,0.34639999999999999,0.24640000000000001,0.33929999999999999,0.23930000000000001,0.34289999999999998,0.2429,0.3679,0.26790000000000003,0.39280000000000004,0.2928,null,null,70,"KILLINGWORTH",0.39280000000000004,0.2928,null,"","","","",null,70,"KILLINGWORTH","",""]
[71,"LEBANON",0.6,0.5,0.60360000000000003,0.50360000000000005,0.6,0.5,0.59640000000000004,0.49640000000000001,0.58930000000000005,0.48930000000000001,0.5786,0.47860000000000003,null,null,71,"LEBANON",0.5786,0.47860000000000003,null,"","","","",null,71,"LEBANON","",""]
[72,"LEDYARD",0.62139999999999995,0.52139999999999997,0.62860000000000005,0.52859999999999996,0.62139999999999995,0.52139999999999997,0.61429999999999996,0.51429999999999998,0.61780000000000002,0.51780000000000004,0.61780000000000002,0.51780000000000004,null,null,72,"LEDYARD",0.61780000000000002,0.51780000000000004,null,"","","","",null,72,"LEDYARD","",""]
[73,"LISBON",0.5857,0.48570000000000002,0.56789999999999996,0.46789999999999998,0.56789999999999996,0.46789999999999998,0.57499999999999996,0.47499999999999998,0.5786,0.47860000000000003,0.57140000000000002,0.47140000000000004,null,null,73,"LISBON",0.57140000000000002,0.47140000000000004,null,"","","","",null,73,"LISBON","",""]
[74,"LITCHFIELD",0.3679,0.26790000000000003,0.3679,0.26790000000000003,0.34639999999999999,0.24640000000000001,0.33929999999999999,0.23930000000000001,0.35360000000000003,0.25359999999999999,0.36430000000000001,0.26429999999999998,null,null,74,"LITCHFIELD",0.36430000000000001,0.26429999999999998,null,"","","","",null,74,"LITCHFIELD","",""]
[75,"LYME",0.2286,0.12859999999999999,0.23569999999999999,0.13569999999999999,0.24640000000000001,0.1464,0.24640000000000001,0.1464,0.25359999999999999,0.15359999999999999,0.25359999999999999,0.15360000000000001,null,null,75,"LYME",0.25359999999999999,0.15360000000000001,null,"","","","",null,75,"LYME","",""]
[76,"MADISON",0.28570000000000001,0.1857,0.28210000000000002,0.18210000000000001,0.28210000000000002,0.18210000000000001,0.28210000000000002,0.18210000000000001,0.2893,0.1893,0.2893,0.18930000000000002,null,null,76,"MADISON",0.2893,0.18930000000000002,null,"","","","",null,76,"MADISON","",""]
[77,"MANCHESTER",0.6643,0.56430000000000002,0.67500000000000004,0.57499999999999996,0.67500000000000004,0.57499999999999996,0.67859999999999998,0.5786,0.68569999999999998,0.5857,0.67860000000000009,0.5786,null,null,77,"MANCHESTER",0.67860000000000009,0.5786,null,"","","","",null,77,"MANCHESTER","",""]
[78,"MANSFIELD",0.75719999999999998,0.65720000000000001,0.75360000000000005,0.65359999999999996,0.75360000000000005,0.65359999999999996,0.75719999999999998,0.65720000000000001,0.75719999999999998,0.65720000000000001,0.76069999999999993,0.66069999999999995,null,null,78,"MANSFIELD",0.76069999999999993,0.66069999999999995,null,"","","","",null,78,"MANSFIELD","",""]
[79,"MARLBOROUGH",0.47139999999999999,0.37140000000000001,0.47139999999999999,0.37140000000000001,0.47499999999999998,0.375,0.48209999999999997,0.3821,0.48209999999999997,0.3821,0.47860000000000003,0.37860000000000005,null,null,79,"MARLBOROUGH",0.47860000000000003,0.37860000000000005,null,"","","","",null,79,"MARLBOROUGH","",""]
[80,"MERIDEN",0.75360000000000005,0.65359999999999996,0.76070000000000004,0.66069999999999995,0.75719999999999998,0.65720000000000001,0.75360000000000005,0.65359999999999996,0.75360000000000005,0.65359999999999996,0.7572000000000001,0.65720000000000001,null,null,80,"MERIDEN",0.7572000000000001,0.65720000000000001,null,"","","","",null,80,"MERIDEN","",""]
[81,"MIDDLEBURY",0.3357,0.23569999999999999,0.35,0.25,0.35709999999999997,0.2571,0.36430000000000001,0.26429999999999998,0.36070000000000002,0.26069999999999999,0.35709999999999997,0.2571,null,null,81,"MIDDLEBURY",0.35709999999999997,0.2571,null,"","","","",null,81,"MIDDLEBURY","",""]
[82,"MIDDLEFIELD",0.50360000000000005,0.40360000000000001,0.5,0.4,0.48209999999999997,0.3821,0.48570000000000002,0.38569999999999999,0.48570000000000002,0.38569999999999999,0.48210000000000003,0.3821,null,null,82,"MIDDLEFIELD",0.48210000000000003,0.3821,null,"","","","",null,82,"MIDDLEFIELD","",""]
[83,"MIDDLETOWN",0.66069999999999995,0.56069999999999998,0.6643,0.56430000000000002,0.6643,0.56430000000000002,0.6643,0.56430000000000002,0.65,0.55000000000000004,0.66070000000000007,0.56069999999999998,null,null,83,"MIDDLETOWN",0.66070000000000007,0.56069999999999998,null,"","","","",null,83,"MIDDLETOWN","",""]
[84,"MILFORD",0.4536,0.35360000000000003,0.40710000000000002,0.30709999999999998,0.37140000000000001,0.27139999999999997,0.37859999999999999,0.27860000000000001,0.39279999999999998,0.2928,0.37860000000000005,0.27860000000000001,null,null,84,"MILFORD",0.37860000000000005,0.27860000000000001,null,"","","","",null,84,"MILFORD","",""]
[85,"MONROE",0.36070000000000002,0.26069999999999999,0.35709999999999997,0.2571,0.35360000000000003,0.25359999999999999,0.3679,0.26790000000000003,0.36430000000000001,0.26429999999999998,0.3679,0.26790000000000003,null,null,85,"MONROE",0.3679,0.26790000000000003,null,"","","","",null,85,"MONROE","",""]
[86,"MONTVILLE",0.68569999999999998,0.5857,0.69279999999999997,0.59279999999999999,0.7036,0.60360000000000003,0.7036,0.60360000000000003,0.7107,0.61070000000000002,0.72500000000000009,0.625,null,null,86,"MONTVILLE",0.72500000000000009,0.625,null,"","","","",null,86,"MONTVILLE","",""]
[87,"MORRIS",0.34639999999999999,0.24640000000000001,0.35360000000000003,0.25359999999999999,0.35,0.25,0.35,0.25,0.3357,0.23569999999999999,0.3357,0.23569999999999999,null,null,87,"MORRIS",0.3357,0.23569999999999999,null,"","","","",null,87,"MORRIS","",""]
[88,"NAUGATUCK",0.7429,0.64290000000000003,0.74639999999999995,0.64639999999999997,0.7429,0.64290000000000003,0.75,0.65,0.74639999999999995,0.64639999999999997,0.74639999999999995,0.64639999999999997,null,null,88,"NAUGATUCK",0.74639999999999995,0.64639999999999997,null,"","","","",null,88,"NAUGATUCK","",""]
[89,"NEW BRITAIN",0.7964,0.69640000000000002,0.7964,0.69640000000000002,0.79290000000000005,0.69289999999999996,0.79290000000000005,0.69289999999999996,0.7893,0.68930000000000002,0.78930000000000011,0.68930000000000002,null,null,89,"NEW BRITAIN",0.78930000000000011,0.68930000000000002,null,"","","","",null,89,"NEW BRITAIN","",""]
[90,"NEW CANAAN",0.2036,0.1036,0.2036,0.1036,0.2036,0.1036,0.2036,0.1036,0.2036,0.1036,0.2036,0.10360000000000001,null,null,90,"NEW CANAAN",0.2036,0.10360000000000001,null,"","","","",null,90,"NEW CANAAN","",""]
[91,"NEW FAIRFIELD",0.38929999999999998,0.2893,0.38219999999999998,0.28220000000000001,0.38929999999999998,0.2893,0.38569999999999999,0.28570000000000001,0.37140000000000001,0.27139999999999997,0.35360000000000003,0.25359999999999999,null,null,91,"NEW FAIRFIELD",0.35360000000000003,0.25359999999999999,null,"","","","",null,91,"NEW FAIRFIELD","",""]
[92,"NEW HARTFORD",0.46429999999999999,0.36430000000000001,0.48930000000000001,0.38929999999999998,0.5071,0.40710000000000002,0.52500000000000002,0.42499999999999999,0.52500000000000002,0.42499999999999999,0.51429999999999998,0.4143,null,null,92,"NEW HARTFORD",0.51429999999999998,0.4143,null,"","","","",null,92,"NEW HARTFORD","",""]
[93,"NEW HAVEN",0.78210000000000002,0.68210000000000004,0.78210000000000002,0.68210000000000004,0.77859999999999996,0.67859999999999998,0.77500000000000002,0.67500000000000004,0.77500000000000002,0.67500000000000004,0.77499999999999991,0.67499999999999993,null,null,93,"NEW HAVEN",0.77499999999999991,0.67499999999999993,null,"","","","",null,93,"NEW HAVEN","",""]
[94,"NEWINGTON",0.58209999999999995,0.48209999999999997,0.5786,0.47860000000000003,0.5857,0.48570000000000002,0.57140000000000002,0.47139999999999999,0.57140000000000002,0.47139999999999999,0.5857,0.48570000000000002,null,null,94,"NEWINGTON",0.5857,0.48570000000000002,null,"","","","",null,94,"NEWINGTON","",""]
[95,"NEW LONDON",0.77859999999999996,0.67859999999999998,0.77859999999999996,0.67859999999999998,0.78210000000000002,0.68210000000000004,0.78210000000000002,0.68210000000000004,0.78210000000000002,0.68210000000000004,0.78210000000000002,0.68209999999999993,null,null,95,"NEW LONDON",0.78210000000000002,0.68209999999999993,null,"","","","",null,95,"NEW LONDON","",""]
[96,"NEW MILFORD",0.4143,0.31430000000000002,0.4214,0.32140000000000002,0.43930000000000002,0.33929999999999999,0.4607,0.36070000000000002,0.48930000000000001,0.38929999999999998,0.49640000000000001,0.39639999999999997,null,null,96,"NEW MILFORD",0.49640000000000001,0.39639999999999997,null,"","","","",null,96,"NEW MILFORD","",""]
[97,"NEWTOWN",0.35,0.25,0.36070000000000002,0.26069999999999999,0.36070000000000002,0.26069999999999999,0.35709999999999997,0.2571,0.35,0.25,0.35,0.25,null,null,97,"NEWTOWN",0.35,0.25,null,"","","","",null,97,"NEWTOWN","",""]
[98,"NORFOLK",0.30359999999999998,0.2036,0.30359999999999998,0.2036,0.30359999999999998,0.2036,0.30359999999999998,0.2036,0.30359999999999998,0.2036,0.30359999999999998,0.2036,null,null,98,"NORFOLK",0.30359999999999998,0.2036,null,"","","","",null,98,"NORFOLK","",""]
[99,"NORTH BRANFORD",0.53569999999999995,0.43569999999999998,0.5393,0.43930000000000002,0.53220000000000001,0.43219999999999997,0.51429999999999998,0.4143,0.52859999999999996,0.42859999999999998,0.53570000000000007,0.43569999999999998,null,null,99,"NORTH BRANFORD",0.53570000000000007,0.43569999999999998,null,"","","","",null,99,"NORTH BRANFORD","",""]
[100,"NORTH CANAAN",0.65710000000000002,0.55710000000000004,0.66069999999999995,0.56069999999999998,0.65710000000000002,0.55710000000000004,0.64290000000000003,0.54290000000000005,0.625,0.52500000000000002,0.62139999999999995,0.52139999999999997,null,null,100,"NORTH CANAAN",0.62139999999999995,0.52139999999999997,null,"","","","",null,100,"NORTH CANAAN","",""]
[101,"NORTH HAVEN",0.41070000000000001,0.31069999999999998,0.4143,0.31430000000000002,0.42499999999999999,0.32500000000000001,0.41789999999999999,0.31790000000000002,0.40710000000000002,0.30709999999999998,0.39639999999999997,0.2964,null,null,101,"NORTH HAVEN",0.39639999999999997,0.2964,null,"","","","",null,101,"NORTH HAVEN","",""]
[102,"NORTH STONINGTON",0.44290000000000002,0.34289999999999998,0.46429999999999999,0.36430000000000001,0.48570000000000002,0.38569999999999999,0.52859999999999996,0.42859999999999998,0.55359999999999998,0.4536,0.5393,0.43930000000000002,null,null,102,"NORTH STONINGTON",0.5393,0.43930000000000002,null,"","","","",null,102,"NORTH STONINGTON","",""]
[103,"NORWALK",0.32500000000000001,0.22500000000000001,0.32500000000000001,0.22500000000000001,0.33210000000000001,0.2321,0.33210000000000001,0.2321,0.6,0.6,0.6,0.6,null,null,103,"NORWALK",0.6,0.6,null,"","","","",null,103,"NORWALK","",""]
[104,"NORWICH",0.76429999999999998,0.6643,0.76429999999999998,0.6643,0.76780000000000004,0.66779999999999995,0.77139999999999997,0.6714,0.77139999999999997,0.6714,0.77140000000000009,0.6714,null,null,104,"NORWICH",0.77140000000000009,0.6714,null,"","","","",null,104,"NORWICH","",""]
[105,"OLD LYME",0.26429999999999998,0.1643,0.26790000000000003,0.16789999999999999,0.26790000000000003,0.16789999999999999,0.26790000000000003,0.16789999999999999,0.26790000000000003,0.16789999999999999,0.26069999999999999,0.16070000000000001,null,null,105,"OLD LYME",0.26069999999999999,0.16070000000000001,null,"","","","",null,105,"OLD LYME","",""]
[106,"OLD SAYBROOK",0.27860000000000001,0.17860000000000001,0.27860000000000001,0.17860000000000001,0.27139999999999997,0.1714,0.27139999999999997,0.1714,0.27139999999999997,0.1714,0.27140000000000003,0.1714,null,null,106,"OLD SAYBROOK",0.27140000000000003,0.1714,null,"","","","",null,106,"OLD SAYBROOK","",""]
[107,"ORANGE",0.35709999999999997,0.2571,0.33929999999999999,0.23930000000000001,0.32140000000000002,0.22140000000000001,0.31069999999999998,0.2107,0.30719999999999997,0.2072,0.31430000000000002,0.21429999999999999,null,null,107,"ORANGE",0.31430000000000002,0.21429999999999999,null,"","","","",null,107,"ORANGE","",""]
[108,"OXFORD",0.375,0.27500000000000002,0.37140000000000001,0.27139999999999997,0.38569999999999999,0.28570000000000001,0.40360000000000001,0.30359999999999998,0.43569999999999998,0.3357,0.42500000000000004,0.32500000000000001,null,null,108,"OXFORD",0.42500000000000004,0.32500000000000001,null,"","","","",null,108,"OXFORD","",""]
[109,"PLAINFIELD",0.76070000000000004,0.66069999999999995,0.75,0.65,0.74639999999999995,0.64639999999999997,0.7429,0.64290000000000003,0.73929999999999996,0.63929999999999998,0.73930000000000007,0.63929999999999998,null,null,109,"PLAINFIELD",0.73930000000000007,0.63929999999999998,null,"","","","",null,109,"PLAINFIELD","",""]
[110,"PLAINVILLE",0.65359999999999996,0.55359999999999998,0.65,0.55000000000000004,0.65,0.55000000000000004,0.65710000000000002,0.55710000000000004,0.66069999999999995,0.56069999999999998,0.65359999999999996,0.55359999999999998,null,null,110,"PLAINVILLE",0.65359999999999996,0.55359999999999998,null,"","","","",null,110,"PLAINVILLE","",""]
[111,"PLYMOUTH",0.7107,0.61070000000000002,0.7036,0.60360000000000003,0.7107,0.61070000000000002,0.71430000000000005,0.61429999999999996,0.71430000000000005,0.61429999999999996,0.69640000000000002,0.59640000000000004,null,null,111,"PLYMOUTH",0.69640000000000002,0.59640000000000004,null,"","","","",null,111,"PLYMOUTH","",""]
[112,"POMFRET",0.59289999999999998,0.4929,0.58930000000000005,0.48930000000000001,0.58209999999999995,0.48209999999999997,0.5786,0.47860000000000003,0.56069999999999998,0.4607,0.56069999999999998,0.4607,null,null,112,"POMFRET",0.56069999999999998,0.4607,null,"","","","",null,112,"POMFRET","",""]
[113,"PORTLAND",0.52139999999999997,0.4214,0.51790000000000003,0.41789999999999999,0.51070000000000004,0.41070000000000001,0.51070000000000004,0.41070000000000001,0.4929,0.39290000000000003,0.4929,0.39290000000000003,null,null,113,"PORTLAND",0.4929,0.39290000000000003,null,"","","","",null,113,"PORTLAND","",""]
[114,"PRESTON",0.61070000000000002,0.51070000000000004,0.61780000000000002,0.51780000000000004,0.61780000000000002,0.51780000000000004,0.61780000000000002,0.51780000000000004,0.61429999999999996,0.51429999999999998,0.61070000000000002,0.51070000000000004,null,null,114,"PRESTON",0.61070000000000002,0.51070000000000004,null,"","","","",null,114,"PRESTON","",""]
[115,"PROSPECT",0.53220000000000001,0.43219999999999997,0.55000000000000004,0.45,0.57140000000000002,0.47139999999999999,0.56069999999999998,0.4607,0.56430000000000002,0.46429999999999999,0.57499999999999996,0.47499999999999998,null,null,115,"PROSPECT",0.57499999999999996,0.47499999999999998,null,"","","","",null,115,"PROSPECT","",""]
[116,"PUTNAM",0.75,0.65,0.75719999999999998,0.65720000000000001,0.76070000000000004,0.66069999999999995,0.74639999999999995,0.64639999999999997,0.72860000000000003,0.62860000000000005,0.72140000000000004,0.62139999999999995,null,null,116,"PUTNAM",0.72140000000000004,0.62139999999999995,null,"","","","",null,116,"PUTNAM","",""]
[117,"REDDING",0.25359999999999999,0.15359999999999999,0.25359999999999999,0.15359999999999999,0.2571,0.15709999999999999,0.26069999999999999,0.16070000000000001,0.2571,0.15709999999999999,0.2571,0.15710000000000002,null,null,117,"REDDING",0.2571,0.15710000000000002,null,"","","","",null,117,"REDDING","",""]
[118,"RIDGEFIELD",0.23219999999999999,0.13220000000000001,0.23219999999999999,0.13220000000000001,0.23219999999999999,0.13220000000000001,0.23219999999999999,0.13220000000000001,0.23569999999999999,0.13569999999999999,0.23570000000000002,0.13570000000000002,null,null,118,"RIDGEFIELD",0.23570000000000002,0.13570000000000002,null,"","","","",null,118,"RIDGEFIELD","",""]
[119,"ROCKY HILL",0.49640000000000001,0.39639999999999997,0.4607,0.36070000000000002,0.45,0.35,0.4214,0.32140000000000002,0.42859999999999998,0.3286,0.44640000000000002,0.34640000000000004,null,null,119,"ROCKY HILL",0.44640000000000002,0.34640000000000004,null,"","","","",null,119,"ROCKY HILL","",""]
[120,"ROXBURY",0.21790000000000001,0.1179,0.21790000000000001,0.1179,0.22140000000000001,0.12139999999999999,0.22140000000000001,0.12139999999999999,0.21429999999999999,0.1143,0.21430000000000002,0.11430000000000001,null,null,120,"ROXBURY",0.21430000000000002,0.11430000000000001,null,"","","","",null,120,"ROXBURY","",""]
[121,"SALEM",0.48930000000000001,0.38929999999999998,0.5071,0.40710000000000002,0.52500000000000002,0.42499999999999999,0.53569999999999995,0.43569999999999998,0.5071,0.40710000000000002,0.48570000000000002,0.38570000000000004,null,null,121,"SALEM",0.48570000000000002,0.38570000000000004,null,"","","","",null,121,"SALEM","",""]
[122,"SALISBURY",0.23569999999999999,0.13569999999999999,0.2286,0.12859999999999999,0.2286,0.12859999999999999,0.2286,0.12859999999999999,0.2286,0.12859999999999999,0.22500000000000001,0.125,null,null,122,"SALISBURY",0.22500000000000001,0.125,null,"","","","",null,122,"SALISBURY","",""]
[123,"SCOTLAND",0.69640000000000002,0.59640000000000004,0.69640000000000002,0.59640000000000004,0.69640000000000002,0.59640000000000004,0.7,0.6,0.70709999999999995,0.60709999999999997,0.68569999999999998,0.5857,null,null,123,"SCOTLAND",0.68569999999999998,0.5857,null,"","","","",null,123,"SCOTLAND","",""]
[124,"SEYMOUR",0.64290000000000003,0.54290000000000005,0.64290000000000003,0.54290000000000005,0.66069999999999995,0.56069999999999998,0.66069999999999995,0.56069999999999998,0.65710000000000002,0.55710000000000004,0.6643,0.56430000000000002,null,null,124,"SEYMOUR",0.6643,0.56430000000000002,null,"","","","",null,124,"SEYMOUR","",""]
[125,"SHARON",0.25,0.15,0.24640000000000001,0.1464,0.23569999999999999,0.13569999999999999,0.23569999999999999,0.13569999999999999,0.23219999999999999,0.13220000000000001,0.23220000000000002,0.13220000000000001,null,null,125,"SHARON",0.23220000000000002,0.13220000000000001,null,"","","","",null,125,"SHARON","",""]
[126,"SHELTON",0.4,0.3,0.39639999999999997,0.2964,0.40360000000000001,0.30359999999999998,0.4,0.3,0.40360000000000001,0.30359999999999998,0.4,0.30000000000000004,null,null,126,"SHELTON",0.4,0.30000000000000004,null,"","","","",null,126,"SHELTON","",""]
[127,"SHERMAN",0.26790000000000003,0.16789999999999999,0.26429999999999998,0.1643,0.26429999999999998,0.1643,0.25,0.15,0.24640000000000001,0.1464,0.25,0.15000000000000002,null,null,127,"SHERMAN",0.25,0.15000000000000002,null,"","","","",null,127,"SHERMAN","",""]
[128,"SIMSBURY",0.3286,0.2286,0.33210000000000001,0.2321,0.3357,0.23569999999999999,0.35360000000000003,0.25359999999999999,0.35709999999999997,0.2571,0.36070000000000002,0.26070000000000004,null,null,128,"SIMSBURY",0.36070000000000002,0.26070000000000004,null,"","","","",null,128,"SIMSBURY","",""]
[129,"SOMERS",0.64639999999999997,0.5464,0.65359999999999996,0.55359999999999998,0.64290000000000003,0.54290000000000005,0.65,0.55000000000000004,0.63570000000000004,0.53569999999999995,0.625,0.52500000000000002,null,null,129,"SOMERS",0.625,0.52500000000000002,null,"","","","",null,129,"SOMERS","",{"$f":"IF(B130=AB130,\"\",\"X\")","v":""}]
[130,"SOUTHBURY",0.40360000000000001,0.30359999999999998,0.4,0.3,0.40710000000000002,0.30709999999999998,0.39279999999999998,0.2928,0.39639999999999997,0.2964,0.41070000000000001,0.31069999999999998,null,null,130,"SOUTHBURY",0.41070000000000001,0.31069999999999998,null,{"$f":"IF(A131=Q131,\"\",\"X\")","v":""},{"$f":"IF(B131=R131,\"\",\"X\")","v":""},{"$f":"IF(M131=S131,\"\",\"X\")","v":""},{"$f":"IF(N131=T131,\"\",\"X\")","v":""},null,130,"SOUTHBURY",{"$f":"IF(A131=AA131,\"\",\"X\")","v":""},""]
[131,"SOUTHINGTON",0.5464,0.44640000000000002,0.55359999999999998,0.4536,0.55359999999999998,0.4536,0.55000000000000004,0.45,0.5393,0.43930000000000002,0.55000000000000004,0.44999999999999996,null,null,131,"SOUTHINGTON",0.55000000000000004,0.44999999999999996,null,"","","","",null,131,"SOUTHINGTON","",""]
[132,"SOUTH WINDSOR",0.47499999999999998,0.375,0.47860000000000003,0.37859999999999999,0.46429999999999999,0.36430000000000001,0.43209999999999998,0.33210000000000001,0.4214,0.32140000000000002,0.43210000000000004,0.33210000000000001,null,null,132,"SOUTH WINDSOR",0.43210000000000004,0.33210000000000001,null,"","","","",null,132,"SOUTH WINDSOR","",""]
[133,"SPRAGUE",0.7,0.6,0.7107,0.61070000000000002,0.72140000000000004,0.62139999999999995,0.72499999999999998,0.625,0.73209999999999997,0.6321,0.73570000000000002,0.63569999999999993,null,null,133,"SPRAGUE",0.73570000000000002,0.63569999999999993,null,"","","","",null,133,"SPRAGUE","",""]
[134,"STAFFORD",0.71430000000000005,0.61429999999999996,0.72140000000000004,0.62139999999999995,0.71789999999999998,0.6179,0.7107,0.61070000000000002,0.69279999999999997,0.59279999999999999,0.7036,0.60360000000000003,null,null,134,"STAFFORD",0.7036,0.60360000000000003,null,"","","","",null,134,"STAFFORD","",""]
[135,"STAMFORD",0.2964,0.19639999999999999,0.30719999999999997,0.2072,0.3,0.2,0.29289999999999999,0.19289999999999999,0.6,0.6,0.6,0.6,null,null,135,"STAMFORD",0.6,0.6,null,"","","","",null,135,"STAMFORD","",""]
[136,"STERLING",0.72860000000000003,0.62860000000000005,0.73570000000000002,0.63570000000000004,0.73570000000000002,0.63570000000000004,0.73929999999999996,0.63929999999999998,0.7429,0.64290000000000003,0.74290000000000012,0.64290000000000003,null,null,136,"STERLING",0.74290000000000012,0.64290000000000003,null,"","","","",null,136,"STERLING","",""]
[137,"STONINGTON",0.31780000000000003,0.21779999999999999,0.31780000000000003,0.21779999999999999,0.32500000000000001,0.22500000000000001,0.32140000000000002,0.22140000000000001,0.32140000000000002,0.22140000000000001,0.31780000000000003,0.21779999999999999,null,null,137,"STONINGTON",0.31780000000000003,0.21779999999999999,null,"","","","",null,137,"STONINGTON","",""]
[138,"STRATFORD",0.59640000000000004,0.49640000000000001,0.59289999999999998,0.4929,0.59640000000000004,0.49640000000000001,0.6,0.5,0.60719999999999996,0.50719999999999998,0.61430000000000007,0.51429999999999998,null,null,138,"STRATFORD",0.61430000000000007,0.51429999999999998,null,"","","","",null,138,"STRATFORD","",""]
[139,"SUFFIELD",0.51790000000000003,0.41789999999999999,0.53569999999999995,0.43569999999999998,0.55000000000000004,0.45,0.5393,0.43930000000000002,0.51429999999999998,0.4143,0.51069999999999993,0.41069999999999995,null,null,139,"SUFFIELD",0.51069999999999993,0.41069999999999995,null,"","","","",null,139,"SUFFIELD","",""]
[140,"THOMASTON",0.67859999999999998,0.5786,0.6714,0.57140000000000002,0.6714,0.57140000000000002,0.6714,0.57140000000000002,0.67859999999999998,0.5786,0.68220000000000003,0.58220000000000005,null,null,140,"THOMASTON",0.68220000000000003,0.58220000000000005,null,"","","","",null,140,"THOMASTON","",""]
[141,"THOMPSON",0.72499999999999998,0.625,0.71430000000000005,0.61429999999999996,0.70709999999999995,0.60709999999999997,0.68930000000000002,0.58930000000000005,0.67500000000000004,0.57499999999999996,0.67500000000000004,0.57499999999999996,null,null,141,"THOMPSON",0.67500000000000004,0.57499999999999996,null,"","","","",null,141,"THOMPSON","",""]
[142,"TOLLAND",0.5071,0.40710000000000002,0.50360000000000005,0.40360000000000001,0.48930000000000001,0.38929999999999998,0.4929,0.39290000000000003,0.49640000000000001,0.39639999999999997,0.5,0.4,null,null,142,"TOLLAND",0.5,0.4,null,"","","","",null,142,"TOLLAND","",""]
[143,"TORRINGTON",0.73209999999999997,0.6321,0.72499999999999998,0.625,0.72860000000000003,0.62860000000000005,0.73570000000000002,0.63570000000000004,0.75,0.65,0.75360000000000005,0.65359999999999996,null,null,143,"TORRINGTON",0.75360000000000005,0.65359999999999996,null,"","","","",null,143,"TORRINGTON","",""]
[144,"TRUMBULL",0.33929999999999999,0.23930000000000001,0.3357,0.23569999999999999,0.34289999999999998,0.2429,0.3357,0.23569999999999999,0.34289999999999998,0.2429,0.34289999999999998,0.2429,null,null,144,"TRUMBULL",0.34289999999999998,0.2429,null,"","","","",null,144,"TRUMBULL","",""]
[145,"UNION",0.46779999999999999,0.36780000000000002,0.49640000000000001,0.39639999999999997,0.5,0.4,0.47860000000000003,0.37859999999999999,0.44290000000000002,0.34289999999999998,0.42859999999999998,0.3286,null,null,145,"UNION",0.42859999999999998,0.3286,null,"","","","",null,145,"UNION","",""]
[146,"VERNON",0.69279999999999997,0.59279999999999999,0.68569999999999998,0.5857,0.68569999999999998,0.5857,0.68569999999999998,0.5857,0.7036,0.60360000000000003,0.71070000000000011,0.61070000000000002,null,null,146,"VERNON",0.71070000000000011,0.61070000000000002,null,"","","","",null,146,"VERNON","",""]
[147,"VOLUNTOWN",0.65,0.55000000000000004,0.64639999999999997,0.5464,0.64639999999999997,0.5464,0.65359999999999996,0.55359999999999998,0.66790000000000005,0.56789999999999996,0.65,0.55000000000000004,null,null,147,"VOLUNTOWN",0.65,0.55000000000000004,null,"","","","",null,147,"VOLUNTOWN","",""]
[148,"WALLINGFORD",0.5393,0.43930000000000002,0.54279999999999995,0.44280000000000003,0.5393,0.43930000000000002,0.53220000000000001,0.43219999999999997,0.53220000000000001,0.43219999999999997,0.54279999999999995,0.44279999999999997,null,null,148,"WALLINGFORD",0.54279999999999995,0.44279999999999997,null,"","","","",null,148,"WALLINGFORD","",""]
[149,"WARREN",0.24640000000000001,0.1464,0.23930000000000001,0.13930000000000001,0.24279999999999999,0.14280000000000001,0.23930000000000001,0.13930000000000001,0.24279999999999999,0.14280000000000001,0.24640000000000001,0.1464,null,null,149,"WARREN",0.24640000000000001,0.1464,null,"","","","",null,149,"WARREN","",""]
[150,"WASHINGTON",0.22500000000000001,0.125,0.22500000000000001,0.125,0.22500000000000001,0.125,0.21790000000000001,0.1179,0.21790000000000001,0.1179,0.21790000000000001,0.1179,null,null,150,"WASHINGTON",0.21790000000000001,0.1179,null,"","","","",null,150,"WASHINGTON","",""]
[151,"WATERBURY",0.78569999999999995,0.68569999999999998,0.78569999999999995,0.68569999999999998,0.78569999999999995,0.68569999999999998,0.7893,0.68930000000000002,0.79290000000000005,0.69289999999999996,0.79289999999999994,0.69289999999999996,null,null,151,"WATERBURY",0.79289999999999994,0.69289999999999996,null,"","","","",null,151,"WATERBURY","",""]
[152,"WATERFORD",0.32140000000000002,0.22140000000000001,0.32140000000000002,0.22140000000000001,0.31780000000000003,0.21779999999999999,0.31780000000000003,0.21779999999999999,0.32500000000000001,0.22500000000000001,0.3286,0.2286,null,null,152,"WATERFORD",0.3286,0.2286,null,"","","","",null,152,"WATERFORD","",""]
[153,"WATERTOWN",0.60360000000000003,0.50360000000000005,0.59640000000000004,0.49640000000000001,0.60360000000000003,0.50360000000000005,0.60360000000000003,0.50360000000000005,0.5857,0.48570000000000002,0.60000000000000009,0.5,null,null,153,"WATERTOWN",0.60000000000000009,0.5,null,"","","","",null,153,"WATERTOWN","",""]
[154,"WESTBROOK",0.31069999999999998,0.2107,0.31069999999999998,0.2107,0.2964,0.19639999999999999,0.2893,0.1893,0.27860000000000001,0.17860000000000001,0.27500000000000002,0.17499999999999999,null,null,154,"WESTBROOK",0.27500000000000002,0.17499999999999999,null,"","","","",null,154,"WESTBROOK","",""]
[155,"WEST HARTFORD",0.5,0.4,0.42499999999999999,0.32500000000000001,0.39279999999999998,0.2928,0.375,0.27500000000000002,0.38569999999999999,0.28570000000000001,0.38219999999999998,0.28220000000000001,null,null,155,"WEST HARTFORD",0.38219999999999998,0.28220000000000001,null,"","","","",null,155,"WEST HARTFORD","",""]
[156,"WEST HAVEN",0.77500000000000002,0.67500000000000004,0.77139999999999997,0.6714,0.77139999999999997,0.6714,0.76780000000000004,0.66779999999999995,0.76780000000000004,0.66779999999999995,0.76780000000000004,0.66779999999999995,null,null,156,"WEST HAVEN",0.76780000000000004,0.66779999999999995,null,"","","","",null,156,"WEST HAVEN","",""]
[157,"WESTON",0.21429999999999999,0.1143,0.21429999999999999,0.1143,0.21429999999999999,0.1143,0.21429999999999999,0.1143,0.22140000000000001,0.12139999999999999,0.22140000000000001,0.12140000000000001,null,null,157,"WESTON",0.22140000000000001,0.12140000000000001,null,"","","","",null,157,"WESTON","",""]
[158,"WESTPORT",0.2107,0.11070000000000001,0.2107,0.11070000000000001,0.2107,0.11070000000000001,0.2107,0.11070000000000001,0.2107,0.11070000000000001,0.2107,0.11070000000000001,null,null,158,"WESTPORT",0.2107,0.11070000000000001,null,"","","","",null,158,"WESTPORT","",""]
[159,"WETHERSFIELD",0.56069999999999998,0.4607,0.55710000000000004,0.45710000000000001,0.55710000000000004,0.45710000000000001,0.56430000000000002,0.46429999999999999,0.56789999999999996,0.46789999999999998,0.56790000000000007,0.46789999999999998,null,null,159,"WETHERSFIELD",0.56790000000000007,0.46789999999999998,null,"","","","",null,159,"WETHERSFIELD","",""]
[160,"WILLINGTON",0.6714,0.57140000000000002,0.65710000000000002,0.55710000000000004,0.65359999999999996,0.55359999999999998,0.63929999999999998,0.5393,0.6321,0.53210000000000002,0.63929999999999998,0.5393,null,null,160,"WILLINGTON",0.63929999999999998,0.5393,null,"","","","",null,160,"WILLINGTON","",""]
[161,"WILTON",0.22140000000000001,0.12139999999999999,0.22140000000000001,0.12139999999999999,0.21790000000000001,0.1179,0.22500000000000001,0.125,0.22500000000000001,0.125,0.22860000000000003,0.12859999999999999,null,null,161,"WILTON",0.22860000000000003,0.12859999999999999,null,"","","","",null,161,"WILTON","",""]
[162,"WINCHESTER",0.71789999999999998,0.6179,0.71789999999999998,0.6179,0.71430000000000005,0.61429999999999996,0.71789999999999998,0.6179,0.72140000000000004,0.62139999999999995,0.72859999999999991,0.62859999999999994,null,null,162,"WINCHESTER",0.72859999999999991,0.62859999999999994,null,"","","","",null,162,"WINCHESTER","",""]
[163,"WINDHAM",0.79290000000000005,0.69289999999999996,0.79290000000000005,0.69289999999999996,0.7964,0.69640000000000002,0.7964,0.69640000000000002,0.7964,0.69640000000000002,0.7964,0.69640000000000002,null,null,163,"WINDHAM",0.7964,0.69640000000000002,null,"","","","",null,163,"WINDHAM","",""]
[164,"WINDSOR",0.51429999999999998,0.4143,0.52139999999999997,0.4214,0.52859999999999996,0.42859999999999998,0.52139999999999997,0.4214,0.51070000000000004,0.41070000000000001,0.51790000000000003,0.41790000000000005,null,null,164,"WINDSOR",0.51790000000000003,0.41790000000000005,null,"","","","",null,164,"WINDSOR","",""]
[165,"WINDSOR LOCKS",0.57499999999999996,0.47499999999999998,0.56430000000000002,0.46429999999999999,0.5464,0.44640000000000002,0.54279999999999995,0.44280000000000003,0.5464,0.44640000000000002,0.53220000000000001,0.43220000000000003,null,null,165,"WINDSOR LOCKS",0.53220000000000001,0.43220000000000003,null,"","","","",null,165,"WINDSOR LOCKS","",""]
[166,"WOLCOTT",0.61780000000000002,0.51780000000000004,0.61429999999999996,0.51429999999999998,0.625,0.52500000000000002,0.625,0.52500000000000002,0.64639999999999997,0.5464,0.65710000000000002,0.55710000000000004,null,null,166,"WOLCOTT",0.65710000000000002,0.55710000000000004,null,"","","","",null,166,"WOLCOTT","",""]
[167,"WOODBRIDGE",0.27500000000000002,0.17499999999999999,0.27500000000000002,0.17499999999999999,0.28570000000000001,0.1857,0.28570000000000001,0.1857,0.31069999999999998,0.2107,0.32140000000000002,0.22139999999999999,null,null,167,"WOODBRIDGE",0.32140000000000002,0.22139999999999999,null,"","","","",null,167,"WOODBRIDGE","",""]
[168,"WOODBURY",0.37140000000000001,0.27139999999999997,0.375,0.27500000000000002,0.375,0.27500000000000002,0.37140000000000001,0.27139999999999997,0.375,0.27500000000000002,0.38929999999999998,0.2893,null,null,168,"WOODBURY",0.38929999999999998,0.2893,null,"","","","",null,168,"WOODBURY","",""]
[169,"WOODSTOCK",0.55710000000000004,0.45710000000000001,0.56069999999999998,0.4607,0.57499999999999996,0.47499999999999998,0.58209999999999995,0.48209999999999997,0.57499999999999996,0.47499999999999998,0.56430000000000002,0.46430000000000005,null,null,169,"WOODSTOCK",0.56430000000000002,0.46430000000000005,null,"","","","",null,169,"WOODSTOCK","",""]
[201,"District No. 1",0.44640000000000002,0.34639999999999999,0.45,0.35,0.44640000000000002,0.34639999999999999,0.44640000000000002,0.34639999999999999,0.44290000000000002,0.34289999999999998,0.43569999999999998,0.3357,null,null,201,"District No. 1",0.43569999999999998,0.3357,null,"","","","",null,201,"District No. 1","",""]
[204,"District No. 4",0.46429999999999999,0.36430000000000001,0.4607,0.36070000000000002,0.47139999999999999,0.37140000000000001,0.47499999999999998,0.375,0.47499999999999998,0.375,0.47860000000000003,0.37860000000000005,null,null,204,"District No. 4",0.47860000000000003,0.37860000000000005,null,"","","","",null,204,"District No. 4","",""]
[205,"District No. 5",0.43569999999999998,0.3357,0.43209999999999998,0.33210000000000001,0.42859999999999998,0.3286,0.42499999999999999,0.32500000000000001,0.42859999999999998,0.3286,0.42859999999999998,0.3286,null,null,205,"District No. 5",0.42859999999999998,0.3286,null,"","","","",null,205,"District No. 5","",""]
[206,"District No. 6",0.40360000000000001,0.30359999999999998,0.40360000000000001,0.30359999999999998,0.41070000000000001,0.31069999999999998,0.41070000000000001,0.31069999999999998,0.40720000000000001,0.30719999999999997,0.40720000000000001,0.30720000000000003,null,null,206,"District No. 6",0.40720000000000001,0.30720000000000003,null,"","","","",null,206,"District No. 6","",""]
[207,"District No. 7",0.55000000000000004,0.45,0.56430000000000002,0.46429999999999999,0.5786,0.47860000000000003,0.59289999999999998,0.4929,0.58930000000000005,0.48930000000000001,0.5857,0.48570000000000002,null,null,207,"District No. 7",0.5857,0.48570000000000002,null,"","","","",null,207,"District No. 7","",""]
[208,"District No. 8",0.62860000000000005,0.52859999999999996,0.62139999999999995,0.52139999999999997,0.625,0.52500000000000002,0.63570000000000004,0.53569999999999995,0.63929999999999998,0.5393,0.63929999999999998,0.5393,null,null,208,"District No. 8",0.63929999999999998,0.5393,null,"","","","",null,208,"District No. 8","",""]
[209,"District No. 9",0.35709999999999997,0.2571,0.35709999999999997,0.2571,0.36070000000000002,0.26069999999999999,0.36430000000000001,0.26429999999999998,0.36070000000000002,0.26069999999999999,0.36429999999999996,0.26429999999999998,null,null,209,"District No. 9",0.36429999999999996,0.26429999999999998,null,"","","","",null,209,"District No. 9","",""]
[210,"District No. 10",0.5464,0.44640000000000002,0.55000000000000004,0.45,0.5464,0.44640000000000002,0.5464,0.44640000000000002,0.54290000000000005,0.44290000000000002,0.54290000000000005,0.44289999999999996,null,null,210,"District No. 10",0.54290000000000005,0.44289999999999996,null,"","","","",null,210,"District No. 10","",""]
[211,"District No. 11",0.76429999999999998,0.6643,0.76070000000000004,0.66069999999999995,0.76429999999999998,0.6643,0.77139999999999997,0.6714,0.77139999999999997,0.6714,0.7571,0.65710000000000002,null,null,211,"District No. 11",0.7571,0.65710000000000002,null,"","","","",null,211,"District No. 11","",""]
[212,"District No. 12",0.3286,0.2286,0.3286,0.2286,0.3286,0.2286,0.32500000000000001,0.22500000000000001,0.32500000000000001,0.22500000000000001,0.32500000000000001,0.22500000000000001,null,null,212,"District No. 12",0.32500000000000001,0.22500000000000001,null,"","","","",null,212,"District No. 12","",""]
[213,"District No. 13",0.55720000000000003,0.4572,0.5464,0.44640000000000002,0.53210000000000002,0.43209999999999998,0.52859999999999996,0.42859999999999998,0.52139999999999997,0.4214,0.51429999999999998,0.4143,null,null,213,"District No. 13",0.51429999999999998,0.4143,null,"","","","",null,213,"District No. 13","",""]
[214,"District No. 14",0.48930000000000001,0.38929999999999998,0.49640000000000001,0.39639999999999997,0.49280000000000002,0.39279999999999998,0.48570000000000002,0.38569999999999999,0.49640000000000001,0.39639999999999997,0.5071,0.40710000000000002,null,null,214,"District No. 14",0.5071,0.40710000000000002,null,"","","","",null,214,"District No. 14","",""]
[215,"District No. 15",0.48570000000000002,0.38569999999999999,0.48930000000000001,0.38929999999999998,0.49640000000000001,0.39639999999999997,0.48570000000000002,0.38569999999999999,0.48930000000000001,0.38929999999999998,0.49639999999999995,0.39639999999999997,null,null,215,"District No. 15",0.49639999999999995,0.39639999999999997,null,"","","","",null,215,"District No. 15","",""]
[216,"District No. 16",0.67500000000000004,0.57499999999999996,0.68569999999999998,0.5857,0.69640000000000002,0.59640000000000004,0.68930000000000002,0.58930000000000005,0.68930000000000002,0.58930000000000005,0.69640000000000002,0.59639999999999993,null,null,216,"District No. 16",0.69640000000000002,0.59639999999999993,null,"","","","",null,216,"District No. 16","",""]
[217,"District No. 17",0.5,0.4,0.49280000000000002,0.39279999999999998,0.48570000000000002,0.38569999999999999,0.48220000000000002,0.38219999999999998,0.48220000000000002,0.38219999999999998,0.5,0.4,null,null,217,"District No. 17",0.5,0.4,null,"","","","",null,217,"District No. 17","",""]
[218,"District No. 18",0.35709999999999997,0.2571,0.36070000000000002,0.26069999999999999,0.36430000000000001,0.26429999999999998,0.36430000000000001,0.26429999999999998,0.3679,0.26790000000000003,0.36070000000000002,0.26070000000000004,null,null,218,"District No. 18",0.36070000000000002,0.26070000000000004,null,"","","","",null,218,"District No. 18","",""]
[219,"District No. 19",0.81430000000000002,0.71430000000000005,0.81069999999999998,0.7107,0.81069999999999998,0.7107,0.80710000000000004,0.70709999999999995,0.81069999999999998,0.7107,0.81789999999999996,0.71789999999999998,null,null,219,"District No. 19",0.81789999999999996,0.71789999999999998,null,"","","","",null,219,"District No. 19","",""]
[241,"CREC",0.60360000000000003,0.50360000000000005,0.59640000000000004,0.49640000000000001,0.59289999999999998,0.4929,0.58930000000000005,0.48930000000000001,0.58930000000000005,0.48930000000000001,0.59289999999999998,0.4929,null,null,241,"CREC",0.59289999999999998,0.4929,null,"","","","",null,241,"CREC","",""]
[242,"EdAdvance",0.50360000000000005,0.40360000000000001,0.5071,0.40710000000000002,0.51429999999999998,0.4143,0.51429999999999998,0.4143,0.51790000000000003,0.41789999999999999,0.52140000000000009,0.4214,null,null,242,"EdAdvance",0.52140000000000009,0.4214,null,"","","","",null,242,"EdAdvance","",""]
[243,"CES",0.40360000000000001,0.30359999999999998,0.40360000000000001,0.30359999999999998,0.4,0.3,0.4,0.3,0.39639999999999997,0.2964,0.4,0.30000000000000004,null,null,243,"CES",0.4,0.30000000000000004,null,"","","","",null,243,"CES","",""]
[244,"ACES",0.65359999999999996,0.55359999999999998,0.65359999999999996,0.55359999999999998,0.65,0.55000000000000004,0.65,0.55000000000000004,0.65,0.55000000000000004,0.65,0.55000000000000004,null,null,244,"ACES",0.65,0.55000000000000004,null,"","","","",null,244,"ACES","",""]
[245,"LEARN",0.50360000000000005,0.40360000000000001,0.50360000000000005,0.40360000000000001,0.50360000000000005,0.40360000000000001,0.50360000000000005,0.40360000000000001,0.5071,0.40710000000000002,0.51069999999999993,0.41069999999999995,null,null,245,"LEARN",0.51069999999999993,0.41069999999999995,null,"","","","",null,245,"LEARN","",""]
[253,"EastConn",0.6714,0.57140000000000002,0.66790000000000005,0.56789999999999996,0.6643,0.56430000000000002,0.6643,0.56430000000000002,0.66069999999999995,0.56069999999999998,0.65710000000000002,0.55710000000000004,null,null,253,"EastConn",0.65710000000000002,0.55710000000000004,null,"","","","",null,253,"EastConn","",""]
[901,"Norwich Free Acad.",0.76429999999999998,0.6643,0.76429999999999998,0.6643,0.77139999999999997,0.6714,0.77139999999999997,0.6714,0.76790000000000003,0.66790000000000005,0.76429999999999998,0.6643,null,null,901,"Norwich Free Acad.",0.76429999999999998,0.6643,null,"","","","",null,901,"Norwich Free Acad.","",{"$f":"IF(B194=AB194,\"\",\"X\")","v":""}]
[902,"Gilbert School",0.74280000000000002,0.64280000000000004,0.74280000000000002,0.64280000000000004,0.73929999999999996,0.63929999999999998,0.74280000000000002,0.64280000000000004,0.74280000000000002,0.64280000000000004,0.74640000000000006,0.64640000000000009,null,null,902,"Gilbert School",0.74640000000000006,0.64640000000000009,null,{"$f":"IF(A195=Q195,\"\",\"X\")","v":""},{"$f":"IF(B195=R195,\"\",\"X\")","v":""},{"$f":"IF(M195=S195,\"\",\"X\")","v":""},{"$f":"IF(N195=T195,\"\",\"X\")","v":""},null,902,"Gilbert School",{"$f":"IF(A195=AA195,\"\",\"X\")","v":""},""]
[903,"Woodstock Acad.",0.69289999999999996,0.59289999999999998,0.68930000000000002,0.58930000000000005,0.69289999999999996,0.59289999999999998,0.68930000000000002,0.58930000000000005,0.68569999999999998,0.5857,0.67500000000000004,0.57500000000000007,null,null,903,"Woodstock Acad.",0.67500000000000004,0.57500000000000007,null,"","","","",null,903,"Woodstock Acad.","",""]